57.129.16.41 - - [30/Jan/2025:11:55:47 +0200] "HEAD /public/img/games/a1.jpg HTTP/1.1" 200 -
57.129.16.41 - - [30/Jan/2025:11:55:47 +0200] "GET /public/img/games/a1.jpg HTTP/1.1" 200 1669
51.89.167.1 - - [30/Jan/2025:11:55:47 +0200] "HEAD /public/img/games/jk8.jpg HTTP/1.1" 200 -
51.89.167.1 - - [30/Jan/2025:11:55:47 +0200] "GET /public/img/games/jk8.jpg HTTP/1.1" 200 1669
57.129.16.41 - - [30/Jan/2025:11:55:47 +0200] "HEAD /public/img/games/a2.jpg HTTP/1.1" 200 -
57.129.16.41 - - [30/Jan/2025:11:55:47 +0200] "GET /public/img/games/a2.jpg HTTP/1.1" 200 1669
51.89.167.1 - - [30/Jan/2025:11:55:48 +0200] "HEAD /public/img/games/jk9.jpg HTTP/1.1" 200 -
57.129.16.41 - - [30/Jan/2025:11:55:48 +0200] "HEAD /public/img/games/a3.jpg HTTP/1.1" 200 -
51.89.167.1 - - [30/Jan/2025:11:55:48 +0200] "GET /public/img/games/jk9.jpg HTTP/1.1" 200 1669
57.129.16.41 - - [30/Jan/2025:11:55:48 +0200] "GET /public/img/games/a3.jpg HTTP/1.1" 200 1669
51.89.167.1 - - [30/Jan/2025:11:55:48 +0200] "HEAD /public/img/games/jk10.jpg HTTP/1.1" 200 -
57.129.16.41 - - [30/Jan/2025:11:55:48 +0200] "HEAD /public/img/games/a4.jpg HTTP/1.1" 200 -
51.89.167.1 - - [30/Jan/2025:11:55:48 +0200] "GET /public/img/games/jk10.jpg HTTP/1.1" 200 1669
57.129.16.41 - - [30/Jan/2025:11:55:48 +0200] "GET /public/img/games/a4.jpg HTTP/1.1" 200 1669
51.89.167.1 - - [30/Jan/2025:11:55:48 +0200] "HEAD /public/img/games/jk11.jpg HTTP/1.1" 200 -
57.129.16.41 - - [30/Jan/2025:11:55:48 +0200] "HEAD /public/img/games/a5.jpg HTTP/1.1" 200 -
51.89.167.1 - - [30/Jan/2025:11:55:48 +0200] "GET /public/img/games/jk11.jpg HTTP/1.1" 200 1669
57.129.16.41 - - [30/Jan/2025:11:55:48 +0200] "GET /public/img/games/a5.jpg HTTP/1.1" 200 1669
51.89.167.1 - - [30/Jan/2025:11:55:48 +0200] "HEAD /public/img/games/jk12.jpg HTTP/1.1" 200 -
57.129.16.41 - - [30/Jan/2025:11:55:48 +0200] "HEAD /public/img/games/a6.jpg HTTP/1.1" 200 -
51.89.167.1 - - [30/Jan/2025:11:55:48 +0200] "GET /public/img/games/jk12.jpg HTTP/1.1" 200 1669
57.129.16.41 - - [30/Jan/2025:11:55:48 +0200] "GET /public/img/games/a6.jpg HTTP/1.1" 200 1669
51.89.167.1 - - [30/Jan/2025:11:55:48 +0200] "HEAD /public/img/games/jk13.jpg HTTP/1.1" 200 -
51.89.167.1 - - [30/Jan/2025:11:55:48 +0200] "GET /public/img/games/jk13.jpg HTTP/1.1" 200 1669
57.129.16.41 - - [30/Jan/2025:11:55:48 +0200] "HEAD /public/img/games/a7.jpg HTTP/1.1" 200 -
57.129.16.41 - - [30/Jan/2025:11:55:49 +0200] "GET /public/img/games/a7.jpg HTTP/1.1" 200 1669
51.89.167.1 - - [30/Jan/2025:11:55:49 +0200] "HEAD /public/img/games/jk14.jpg HTTP/1.1" 200 -
51.89.167.1 - - [30/Jan/2025:11:55:49 +0200] "GET /public/img/games/jk14.jpg HTTP/1.1" 200 1669
57.129.16.41 - - [30/Jan/2025:11:55:49 +0200] "HEAD /public/img/games/a8.jpg HTTP/1.1" 200 -
57.129.16.41 - - [30/Jan/2025:11:55:49 +0200] "GET /public/img/games/a8.jpg HTTP/1.1" 200 1669
51.89.167.1 - - [30/Jan/2025:11:55:49 +0200] "HEAD /public/img/games/jk15.jpg HTTP/1.1" 200 -
51.89.167.1 - - [30/Jan/2025:11:55:49 +0200] "GET /public/img/games/jk15.jpg HTTP/1.1" 200 1669
57.129.16.41 - - [30/Jan/2025:11:55:49 +0200] "HEAD /public/img/games/a9.jpg HTTP/1.1" 200 -
57.129.16.41 - - [30/Jan/2025:11:55:49 +0200] "GET /public/img/games/a9.jpg HTTP/1.1" 200 1669
51.89.167.1 - - [30/Jan/2025:11:55:49 +0200] "HEAD /public/img/games/jk16.jpg HTTP/1.1" 200 -
51.89.167.1 - - [30/Jan/2025:11:55:49 +0200] "GET /public/img/games/jk16.jpg HTTP/1.1" 200 1669
57.129.16.41 - - [30/Jan/2025:11:55:49 +0200] "HEAD /public/img/games/a10.jpg HTTP/1.1" 200 -
57.129.16.41 - - [30/Jan/2025:11:55:49 +0200] "GET /public/img/games/a10.jpg HTTP/1.1" 200 1669
51.89.167.1 - - [30/Jan/2025:11:55:49 +0200] "HEAD /public/img/games/jk17.jpg HTTP/1.1" 200 -
57.129.16.41 - - [30/Jan/2025:11:55:49 +0200] "HEAD /public/img/games/a11.jpg HTTP/1.1" 200 -
51.89.167.1 - - [30/Jan/2025:11:55:49 +0200] "GET /public/img/games/jk17.jpg HTTP/1.1" 200 1669
57.129.16.41 - - [30/Jan/2025:11:55:49 +0200] "GET /public/img/games/a11.jpg HTTP/1.1" 200 1669
51.89.167.1 - - [30/Jan/2025:11:55:49 +0200] "HEAD /public/img/games/jk18.jpg HTTP/1.1" 200 -
57.129.16.41 - - [30/Jan/2025:11:55:49 +0200] "HEAD /public/img/games/a12.jpg HTTP/1.1" 200 -
51.89.167.1 - - [30/Jan/2025:11:55:49 +0200] "GET /public/img/games/jk18.jpg HTTP/1.1" 200 1669
57.129.16.41 - - [30/Jan/2025:11:55:49 +0200] "GET /public/img/games/a12.jpg HTTP/1.1" 200 1669
51.89.167.1 - - [30/Jan/2025:11:55:50 +0200] "HEAD /public/img/games/jk19.jpg HTTP/1.1" 200 -
57.129.16.41 - - [30/Jan/2025:11:55:50 +0200] "HEAD /public/img/games/j1.jpg HTTP/1.1" 200 -
51.89.167.1 - - [30/Jan/2025:11:55:50 +0200] "GET /public/img/games/jk19.jpg HTTP/1.1" 200 1669
57.129.16.41 - - [30/Jan/2025:11:55:50 +0200] "GET /public/img/games/j1.jpg HTTP/1.1" 200 1669
51.89.167.1 - - [30/Jan/2025:11:55:50 +0200] "HEAD /public/img/games/l1.jpg HTTP/1.1" 200 -
57.129.16.41 - - [30/Jan/2025:11:55:50 +0200] "HEAD /public/img/games/j2.jpg HTTP/1.1" 200 -
51.89.167.1 - - [30/Jan/2025:11:55:50 +0200] "GET /public/img/games/l1.jpg HTTP/1.1" 200 1669
57.129.16.41 - - [30/Jan/2025:11:55:50 +0200] "GET /public/img/games/j2.jpg HTTP/1.1" 200 1669
51.89.167.1 - - [30/Jan/2025:11:55:50 +0200] "HEAD /public/img/games/l2.png HTTP/1.1" 200 -
57.129.16.41 - - [30/Jan/2025:11:55:50 +0200] "HEAD /public/img/games/j3.jpg HTTP/1.1" 200 -
57.129.16.41 - - [30/Jan/2025:11:55:50 +0200] "GET /public/img/games/j3.jpg HTTP/1.1" 200 1669
51.89.167.1 - - [30/Jan/2025:11:55:50 +0200] "GET /public/img/games/l2.png HTTP/1.1" 200 1669
57.129.16.41 - - [30/Jan/2025:11:55:50 +0200] "HEAD /public/img/games/j4.jpg HTTP/1.1" 200 -
51.89.167.1 - - [30/Jan/2025:11:55:50 +0200] "HEAD /public/img/games/l3.png HTTP/1.1" 200 -
57.129.16.41 - - [30/Jan/2025:11:55:50 +0200] "GET /public/img/games/j4.jpg HTTP/1.1" 200 1669
51.89.167.1 - - [30/Jan/2025:11:55:50 +0200] "GET /public/img/games/l3.png HTTP/1.1" 200 1669
57.129.16.41 - - [30/Jan/2025:11:55:50 +0200] "HEAD /public/img/games/j5.jpg HTTP/1.1" 200 -
51.89.167.1 - - [30/Jan/2025:11:55:50 +0200] "HEAD /public/img/games/l4.png HTTP/1.1" 200 -
57.129.16.41 - - [30/Jan/2025:11:55:50 +0200] "GET /public/img/games/j5.jpg HTTP/1.1" 200 1669
51.89.167.1 - - [30/Jan/2025:11:55:50 +0200] "GET /public/img/games/l4.png HTTP/1.1" 200 1669
57.129.16.41 - - [30/Jan/2025:11:55:51 +0200] "HEAD /public/img/games/j6.jpg HTTP/1.1" 200 -
51.89.167.1 - - [30/Jan/2025:11:55:51 +0200] "HEAD /public/img/games/l5.png HTTP/1.1" 200 -
57.129.16.41 - - [30/Jan/2025:11:55:51 +0200] "GET /public/img/games/j6.jpg HTTP/1.1" 200 1669
51.89.167.1 - - [30/Jan/2025:11:55:51 +0200] "GET /public/img/games/l5.png HTTP/1.1" 200 1669
57.129.16.41 - - [30/Jan/2025:11:55:51 +0200] "HEAD /public/img/games/j7.jpg HTTP/1.1" 200 -
57.129.16.41 - - [30/Jan/2025:11:55:51 +0200] "GET /public/img/games/j7.jpg HTTP/1.1" 200 1669
51.89.167.1 - - [30/Jan/2025:11:55:51 +0200] "HEAD /public/img/games/l6.png HTTP/1.1" 200 -
51.89.167.1 - - [30/Jan/2025:11:55:51 +0200] "GET /public/img/games/l6.png HTTP/1.1" 200 1669
57.129.16.41 - - [30/Jan/2025:11:55:51 +0200] "HEAD /public/img/games/j8.jpg HTTP/1.1" 200 -
51.89.167.1 - - [30/Jan/2025:11:55:51 +0200] "HEAD /public/img/games/l7.png HTTP/1.1" 200 -
57.129.16.41 - - [30/Jan/2025:11:55:51 +0200] "GET /public/img/games/j8.jpg HTTP/1.1" 200 1669
51.89.167.1 - - [30/Jan/2025:11:55:51 +0200] "GET /public/img/games/l7.png HTTP/1.1" 200 1669
51.89.167.1 - - [30/Jan/2025:11:55:51 +0200] "HEAD /public/img/games/l8.png HTTP/1.1" 200 -
57.129.16.41 - - [30/Jan/2025:11:55:51 +0200] "HEAD /public/img/games/jk.jpg HTTP/1.1" 200 -
57.129.16.41 - - [30/Jan/2025:11:55:51 +0200] "GET /public/img/games/jk.jpg HTTP/1.1" 200 1669
51.89.167.1 - - [30/Jan/2025:11:55:51 +0200] "GET /public/img/games/l8.png HTTP/1.1" 200 1669
57.129.16.41 - - [30/Jan/2025:11:55:51 +0200] "HEAD /public/img/games/jk1.jpg HTTP/1.1" 200 -
57.129.16.41 - - [30/Jan/2025:11:55:51 +0200] "GET /public/img/games/jk1.jpg HTTP/1.1" 200 1669
51.89.167.1 - - [30/Jan/2025:11:55:51 +0200] "HEAD /public/img/games/lg1.png HTTP/1.1" 200 -
51.89.167.1 - - [30/Jan/2025:11:55:52 +0200] "GET /public/img/games/lg1.png HTTP/1.1" 200 1669
57.129.16.41 - - [30/Jan/2025:11:55:52 +0200] "HEAD /public/img/games/jk2.jpg HTTP/1.1" 200 -
57.129.16.41 - - [30/Jan/2025:11:55:52 +0200] "GET /public/img/games/jk2.jpg HTTP/1.1" 200 1669
51.89.167.1 - - [30/Jan/2025:11:55:52 +0200] "HEAD /public/img/games/lg2.png HTTP/1.1" 200 -
51.89.167.1 - - [30/Jan/2025:11:55:52 +0200] "GET /public/img/games/lg2.png HTTP/1.1" 200 1669
57.129.16.41 - - [30/Jan/2025:11:55:52 +0200] "HEAD /public/img/games/jk3.jpg HTTP/1.1" 200 -
57.129.16.41 - - [30/Jan/2025:11:55:52 +0200] "GET /public/img/games/jk3.jpg HTTP/1.1" 200 1669
51.89.167.1 - - [30/Jan/2025:11:55:52 +0200] "HEAD /public/img/games/lg3.png HTTP/1.1" 200 -
57.129.16.41 - - [30/Jan/2025:11:55:52 +0200] "HEAD /public/img/games/jk4.jpg HTTP/1.1" 200 -
51.89.167.1 - - [30/Jan/2025:11:55:52 +0200] "GET /public/img/games/lg3.png HTTP/1.1" 200 1669
57.129.16.41 - - [30/Jan/2025:11:55:52 +0200] "GET /public/img/games/jk4.jpg HTTP/1.1" 200 1669
51.89.167.1 - - [30/Jan/2025:11:55:52 +0200] "HEAD /public/img/games/lg4.png HTTP/1.1" 200 -
51.89.167.1 - - [30/Jan/2025:11:55:52 +0200] "GET /public/img/games/lg4.png HTTP/1.1" 200 1669
57.129.16.41 - - [30/Jan/2025:11:55:52 +0200] "HEAD /public/img/games/jk5.jpg HTTP/1.1" 200 -
57.129.16.41 - - [30/Jan/2025:11:55:52 +0200] "GET /public/img/games/jk5.jpg HTTP/1.1" 200 1669
51.89.167.1 - - [30/Jan/2025:11:55:52 +0200] "HEAD /public/img/games/n1.jpg HTTP/1.1" 200 -
51.89.167.1 - - [30/Jan/2025:11:55:52 +0200] "GET /public/img/games/n1.jpg HTTP/1.1" 200 1676
57.129.16.41 - - [30/Jan/2025:11:55:52 +0200] "HEAD /public/img/games/jk6.jpg HTTP/1.1" 200 -
57.129.16.41 - - [30/Jan/2025:11:55:52 +0200] "GET /public/img/games/jk6.jpg HTTP/1.1" 200 1669
51.89.167.1 - - [30/Jan/2025:11:55:53 +0200] "HEAD /public/img/games/n2.jpg HTTP/1.1" 200 -
57.129.16.41 - - [30/Jan/2025:11:55:53 +0200] "HEAD /public/img/games/jk7.jpg HTTP/1.1" 200 -
51.89.167.1 - - [30/Jan/2025:11:55:53 +0200] "GET /public/img/games/n2.jpg HTTP/1.1" 200 1669
57.129.16.41 - - [30/Jan/2025:11:55:53 +0200] "GET /public/img/games/jk7.jpg HTTP/1.1" 200 1669
51.89.167.1 - - [30/Jan/2025:11:55:53 +0200] "HEAD /public/img/games/n3.jpg HTTP/1.1" 200 -
57.129.16.41 - - [30/Jan/2025:11:55:53 +0200] "HEAD /public/img/games/jk8.jpg HTTP/1.1" 200 -
51.89.167.1 - - [30/Jan/2025:11:55:53 +0200] "GET /public/img/games/n3.jpg HTTP/1.1" 200 1669
57.129.16.41 - - [30/Jan/2025:11:55:53 +0200] "GET /public/img/games/jk8.jpg HTTP/1.1" 200 1669
57.129.16.41 - - [30/Jan/2025:11:55:53 +0200] "HEAD /public/img/games/jk9.jpg HTTP/1.1" 200 -
51.89.167.1 - - [30/Jan/2025:11:55:53 +0200] "HEAD /public/img/games/n4.jpg HTTP/1.1" 200 -
57.129.16.41 - - [30/Jan/2025:11:55:53 +0200] "GET /public/img/games/jk9.jpg HTTP/1.1" 200 1669
51.89.167.1 - - [30/Jan/2025:11:55:53 +0200] "GET /public/img/games/n4.jpg HTTP/1.1" 200 1669
51.89.167.1 - - [30/Jan/2025:11:55:53 +0200] "HEAD /public/img/games/n5.jpg HTTP/1.1" 200 -
57.129.16.41 - - [30/Jan/2025:11:55:53 +0200] "HEAD /public/img/games/jk10.jpg HTTP/1.1" 200 -
57.129.16.41 - - [30/Jan/2025:11:55:53 +0200] "GET /public/img/games/jk10.jpg HTTP/1.1" 200 1669
51.89.167.1 - - [30/Jan/2025:11:55:53 +0200] "GET /public/img/games/n5.jpg HTTP/1.1" 200 1669
57.129.16.41 - - [30/Jan/2025:11:55:53 +0200] "HEAD /public/img/games/jk11.jpg HTTP/1.1" 200 -
51.89.167.1 - - [30/Jan/2025:11:55:53 +0200] "HEAD /public/img/games/n6.jpg HTTP/1.1" 200 -
57.129.16.41 - - [30/Jan/2025:11:55:53 +0200] "GET /public/img/games/jk11.jpg HTTP/1.1" 200 1669
51.89.167.1 - - [30/Jan/2025:11:55:53 +0200] "GET /public/img/games/n6.jpg HTTP/1.1" 200 1669
57.129.16.41 - - [30/Jan/2025:11:55:53 +0200] "HEAD /public/img/games/jk12.jpg HTTP/1.1" 200 -
57.129.16.41 - - [30/Jan/2025:11:55:54 +0200] "GET /public/img/games/jk12.jpg HTTP/1.1" 200 1669
51.89.167.1 - - [30/Jan/2025:11:55:54 +0200] "HEAD /public/img/games/n7.jpg HTTP/1.1" 200 -
51.89.167.1 - - [30/Jan/2025:11:55:54 +0200] "GET /public/img/games/n7.jpg HTTP/1.1" 200 1669
57.129.16.41 - - [30/Jan/2025:11:55:54 +0200] "HEAD /public/img/games/jk13.jpg HTTP/1.1" 200 -
57.129.16.41 - - [30/Jan/2025:11:55:54 +0200] "GET /public/img/games/jk13.jpg HTTP/1.1" 200 1669
51.89.167.1 - - [30/Jan/2025:11:55:54 +0200] "HEAD /public/img/games/nn1.jpg HTTP/1.1" 200 -
51.89.167.1 - - [30/Jan/2025:11:55:54 +0200] "GET /public/img/games/nn1.jpg HTTP/1.1" 200 1669
57.129.16.41 - - [30/Jan/2025:11:55:54 +0200] "HEAD /public/img/games/jk14.jpg HTTP/1.1" 200 -
57.129.16.41 - - [30/Jan/2025:11:55:54 +0200] "GET /public/img/games/jk14.jpg HTTP/1.1" 200 1669
51.89.167.1 - - [30/Jan/2025:11:55:54 +0200] "HEAD /public/img/games/nn2.jpg HTTP/1.1" 200 -
51.89.167.1 - - [30/Jan/2025:11:55:54 +0200] "GET /public/img/games/nn2.jpg HTTP/1.1" 200 1669
57.129.16.41 - - [30/Jan/2025:11:55:54 +0200] "HEAD /public/img/games/jk15.jpg HTTP/1.1" 200 -
57.129.16.41 - - [30/Jan/2025:11:55:54 +0200] "GET /public/img/games/jk15.jpg HTTP/1.1" 200 1669
51.89.167.1 - - [30/Jan/2025:11:55:54 +0200] "HEAD /public/img/games/nn3.jpg HTTP/1.1" 200 -
51.89.167.1 - - [30/Jan/2025:11:55:54 +0200] "GET /public/img/games/nn3.jpg HTTP/1.1" 200 1669
57.129.16.41 - - [30/Jan/2025:11:55:54 +0200] "HEAD /public/img/games/jk16.jpg HTTP/1.1" 200 -
57.129.16.41 - - [30/Jan/2025:11:55:54 +0200] "GET /public/img/games/jk16.jpg HTTP/1.1" 200 1669
51.89.167.1 - - [30/Jan/2025:11:55:54 +0200] "HEAD /public/img/games/nn4.jpg HTTP/1.1" 200 -
51.89.167.1 - - [30/Jan/2025:11:55:54 +0200] "GET /public/img/games/nn4.jpg HTTP/1.1" 200 1669
57.129.16.41 - - [30/Jan/2025:11:55:54 +0200] "HEAD /public/img/games/jk17.jpg HTTP/1.1" 200 -
57.129.16.41 - - [30/Jan/2025:11:55:54 +0200] "GET /public/img/games/jk17.jpg HTTP/1.1" 200 1669
51.89.167.1 - - [30/Jan/2025:11:55:55 +0200] "HEAD /public/img/games/nn5.jpg HTTP/1.1" 200 -
51.89.167.1 - - [30/Jan/2025:11:55:55 +0200] "GET /public/img/games/nn5.jpg HTTP/1.1" 200 1669
57.129.16.41 - - [30/Jan/2025:11:55:55 +0200] "HEAD /public/img/games/jk18.jpg HTTP/1.1" 200 -
57.129.16.41 - - [30/Jan/2025:11:55:55 +0200] "GET /public/img/games/jk18.jpg HTTP/1.1" 200 1669
51.89.167.1 - - [30/Jan/2025:11:55:55 +0200] "HEAD /public/img/games/nn6.jpg HTTP/1.1" 200 -
51.89.167.1 - - [30/Jan/2025:11:55:55 +0200] "GET /public/img/games/nn6.jpg HTTP/1.1" 200 1669
57.129.16.41 - - [30/Jan/2025:11:55:55 +0200] "HEAD /public/img/games/jk19.jpg HTTP/1.1" 200 -
57.129.16.41 - - [30/Jan/2025:11:55:55 +0200] "GET /public/img/games/jk19.jpg HTTP/1.1" 200 1669
51.89.167.1 - - [30/Jan/2025:11:55:55 +0200] "HEAD /public/img/games/nn7.jpg HTTP/1.1" 200 -
51.89.167.1 - - [30/Jan/2025:11:55:55 +0200] "GET /public/img/games/nn7.jpg HTTP/1.1" 200 1669
57.129.16.41 - - [30/Jan/2025:11:55:55 +0200] "HEAD /public/img/games/l1.jpg HTTP/1.1" 200 -
57.129.16.41 - - [30/Jan/2025:11:55:55 +0200] "GET /public/img/games/l1.jpg HTTP/1.1" 200 1669
51.89.167.1 - - [30/Jan/2025:11:55:55 +0200] "HEAD /public/img/games/nn8.jpg HTTP/1.1" 200 -
51.89.167.1 - - [30/Jan/2025:11:55:55 +0200] "GET /public/img/games/nn8.jpg HTTP/1.1" 200 1669
57.129.16.41 - - [30/Jan/2025:11:55:55 +0200] "HEAD /public/img/games/l2.png HTTP/1.1" 200 -
57.129.16.41 - - [30/Jan/2025:11:55:55 +0200] "GET /public/img/games/l2.png HTTP/1.1" 200 1669
51.89.167.1 - - [30/Jan/2025:11:55:55 +0200] "HEAD /public/img/games/nn9.jpg HTTP/1.1" 200 -
57.129.16.41 - - [30/Jan/2025:11:55:55 +0200] "HEAD /public/img/games/l3.png HTTP/1.1" 200 -
51.89.167.1 - - [30/Jan/2025:11:55:55 +0200] "GET /public/img/games/nn9.jpg HTTP/1.1" 200 1669
57.129.16.41 - - [30/Jan/2025:11:55:55 +0200] "GET /public/img/games/l3.png HTTP/1.1" 200 1669
51.89.167.1 - - [30/Jan/2025:11:55:56 +0200] "HEAD /public/img/games/nn10.jpg HTTP/1.1" 200 -
51.89.167.1 - - [30/Jan/2025:11:55:56 +0200] "GET /public/img/games/nn10.jpg HTTP/1.1" 200 1669
57.129.16.41 - - [30/Jan/2025:11:55:56 +0200] "HEAD /public/img/games/l4.png HTTP/1.1" 200 -
57.129.16.41 - - [30/Jan/2025:11:55:56 +0200] "GET /public/img/games/l4.png HTTP/1.1" 200 1669
51.89.167.1 - - [30/Jan/2025:11:55:56 +0200] "HEAD /public/img/games/nn11.jpg HTTP/1.1" 200 -
57.129.16.41 - - [30/Jan/2025:11:55:56 +0200] "HEAD /public/img/games/l5.png HTTP/1.1" 200 -
51.89.167.1 - - [30/Jan/2025:11:55:56 +0200] "GET /public/img/games/nn11.jpg HTTP/1.1" 200 1669
57.129.16.41 - - [30/Jan/2025:11:55:56 +0200] "GET /public/img/games/l5.png HTTP/1.1" 200 1669
51.89.167.1 - - [30/Jan/2025:11:55:56 +0200] "HEAD /public/img/games/nn12.jpg HTTP/1.1" 200 -
51.89.167.1 - - [30/Jan/2025:11:55:56 +0200] "GET /public/img/games/nn12.jpg HTTP/1.1" 200 1669
57.129.16.41 - - [30/Jan/2025:11:55:56 +0200] "HEAD /public/img/games/l6.png HTTP/1.1" 200 -
51.89.167.1 - - [30/Jan/2025:11:55:56 +0200] "HEAD /public/img/games/nn13.jpg HTTP/1.1" 200 -
57.129.16.41 - - [30/Jan/2025:11:55:56 +0200] "GET /public/img/games/l6.png HTTP/1.1" 200 1669
51.89.167.1 - - [30/Jan/2025:11:55:56 +0200] "GET /public/img/games/nn13.jpg HTTP/1.1" 200 1669
57.129.16.41 - - [30/Jan/2025:11:55:56 +0200] "HEAD /public/img/games/l7.png HTTP/1.1" 200 -
51.89.167.1 - - [30/Jan/2025:11:55:56 +0200] "HEAD /public/img/games/nn14.jpg HTTP/1.1" 200 -
57.129.16.41 - - [30/Jan/2025:11:55:56 +0200] "GET /public/img/games/l7.png HTTP/1.1" 200 1669
51.89.167.1 - - [30/Jan/2025:11:55:56 +0200] "GET /public/img/games/nn14.jpg HTTP/1.1" 200 1669
57.129.16.41 - - [30/Jan/2025:11:55:57 +0200] "HEAD /public/img/games/l8.png HTTP/1.1" 200 -
51.89.167.1 - - [30/Jan/2025:11:55:57 +0200] "HEAD /public/img/games/nn15.jpg HTTP/1.1" 200 -
57.129.16.41 - - [30/Jan/2025:11:55:57 +0200] "GET /public/img/games/l8.png HTTP/1.1" 200 1669
51.89.167.1 - - [30/Jan/2025:11:55:57 +0200] "GET /public/img/games/nn15.jpg HTTP/1.1" 200 1669
57.129.16.41 - - [30/Jan/2025:11:55:57 +0200] "HEAD /public/img/games/lg1.png HTTP/1.1" 200 -
51.89.167.1 - - [30/Jan/2025:11:55:57 +0200] "HEAD /public/img/games/nn16.jpg HTTP/1.1" 200 -
57.129.16.41 - - [30/Jan/2025:11:55:57 +0200] "GET /public/img/games/lg1.png HTTP/1.1" 200 1669
51.89.167.1 - - [30/Jan/2025:11:55:57 +0200] "GET /public/img/games/nn16.jpg HTTP/1.1" 200 1669
51.89.167.1 - - [30/Jan/2025:11:55:57 +0200] "HEAD /public/img/games/nn17.jpg HTTP/1.1" 200 -
57.129.16.41 - - [30/Jan/2025:11:55:57 +0200] "HEAD /public/img/games/lg2.png HTTP/1.1" 200 -
51.89.167.1 - - [30/Jan/2025:11:55:57 +0200] "GET /public/img/games/nn17.jpg HTTP/1.1" 200 1669
57.129.16.41 - - [30/Jan/2025:11:55:57 +0200] "GET /public/img/games/lg2.png HTTP/1.1" 200 1669
51.89.167.1 - - [30/Jan/2025:11:55:57 +0200] "HEAD /public/img/games/nn18.jpg HTTP/1.1" 200 -
57.129.16.41 - - [30/Jan/2025:11:55:57 +0200] "HEAD /public/img/games/lg3.png HTTP/1.1" 200 -
51.89.167.1 - - [30/Jan/2025:11:55:57 +0200] "GET /public/img/games/nn18.jpg HTTP/1.1" 200 1669
57.129.16.41 - - [30/Jan/2025:11:55:57 +0200] "GET /public/img/games/lg3.png HTTP/1.1" 200 1669
51.89.167.1 - - [30/Jan/2025:11:55:57 +0200] "HEAD /public/img/games/nn19.jpg HTTP/1.1" 200 -
57.129.16.41 - - [30/Jan/2025:11:55:57 +0200] "HEAD /public/img/games/lg4.png HTTP/1.1" 200 -
51.89.167.1 - - [30/Jan/2025:11:55:57 +0200] "GET /public/img/games/nn19.jpg HTTP/1.1" 200 1669
57.129.16.41 - - [30/Jan/2025:11:55:57 +0200] "GET /public/img/games/lg4.png HTTP/1.1" 200 1669
51.89.167.1 - - [30/Jan/2025:11:55:58 +0200] "HEAD /public/img/games/nn20.jpg HTTP/1.1" 200 -
57.129.16.41 - - [30/Jan/2025:11:55:58 +0200] "HEAD /public/img/games/n1.jpg HTTP/1.1" 200 -
51.89.167.1 - - [30/Jan/2025:11:55:58 +0200] "GET /public/img/games/nn20.jpg HTTP/1.1" 200 1669
57.129.16.41 - - [30/Jan/2025:11:55:58 +0200] "GET /public/img/games/n1.jpg HTTP/1.1" 200 1676
51.89.167.1 - - [30/Jan/2025:11:55:58 +0200] "HEAD /public/img/games/p1.jpg HTTP/1.1" 200 -
57.129.16.41 - - [30/Jan/2025:11:55:58 +0200] "HEAD /public/img/games/n2.jpg HTTP/1.1" 200 -
51.89.167.1 - - [30/Jan/2025:11:55:58 +0200] "GET /public/img/games/p1.jpg HTTP/1.1" 200 1669
57.129.16.41 - - [30/Jan/2025:11:55:58 +0200] "GET /public/img/games/n2.jpg HTTP/1.1" 200 1669
51.89.167.1 - - [30/Jan/2025:11:55:58 +0200] "HEAD /public/img/games/p2.jpg HTTP/1.1" 200 -
57.129.16.41 - - [30/Jan/2025:11:55:58 +0200] "HEAD /public/img/games/n3.jpg HTTP/1.1" 200 -
51.89.167.1 - - [30/Jan/2025:11:55:58 +0200] "GET /public/img/games/p2.jpg HTTP/1.1" 200 1669
57.129.16.41 - - [30/Jan/2025:11:55:58 +0200] "GET /public/img/games/n3.jpg HTTP/1.1" 200 1669
51.89.167.1 - - [30/Jan/2025:11:55:58 +0200] "HEAD /public/img/games/p3.jpg HTTP/1.1" 200 -
57.129.16.41 - - [30/Jan/2025:11:55:58 +0200] "HEAD /public/img/games/n4.jpg HTTP/1.1" 200 -
51.89.167.1 - - [30/Jan/2025:11:55:58 +0200] "GET /public/img/games/p3.jpg HTTP/1.1" 200 1669
57.129.16.41 - - [30/Jan/2025:11:55:58 +0200] "GET /public/img/games/n4.jpg HTTP/1.1" 200 1669
51.89.167.1 - - [30/Jan/2025:11:55:58 +0200] "HEAD /public/img/games/p4.jpg HTTP/1.1" 200 -
57.129.16.41 - - [30/Jan/2025:11:55:58 +0200] "HEAD /public/img/games/n5.jpg HTTP/1.1" 200 -
51.89.167.1 - - [30/Jan/2025:11:55:58 +0200] "GET /public/img/games/p4.jpg HTTP/1.1" 200 1669
57.129.16.41 - - [30/Jan/2025:11:55:59 +0200] "GET /public/img/games/n5.jpg HTTP/1.1" 200 1669
51.89.167.1 - - [30/Jan/2025:11:55:59 +0200] "HEAD /public/img/games/p5.jpg HTTP/1.1" 200 -
57.129.16.41 - - [30/Jan/2025:11:55:59 +0200] "HEAD /public/img/games/n6.jpg HTTP/1.1" 200 -
51.89.167.1 - - [30/Jan/2025:11:55:59 +0200] "GET /public/img/games/p5.jpg HTTP/1.1" 200 1669
57.129.16.41 - - [30/Jan/2025:11:55:59 +0200] "GET /public/img/games/n6.jpg HTTP/1.1" 200 1669
51.89.167.1 - - [30/Jan/2025:11:55:59 +0200] "HEAD /public/img/games/p6-2.jpg HTTP/1.1" 200 -
57.129.16.41 - - [30/Jan/2025:11:55:59 +0200] "HEAD /public/img/games/n7.jpg HTTP/1.1" 200 -
51.89.167.1 - - [30/Jan/2025:11:55:59 +0200] "GET /public/img/games/p6-2.jpg HTTP/1.1" 200 44724
57.129.16.41 - - [30/Jan/2025:11:55:59 +0200] "GET /public/img/games/n7.jpg HTTP/1.1" 200 1669
51.89.167.1 - - [30/Jan/2025:11:55:59 +0200] "HEAD /public/img/games/p6.jpg HTTP/1.1" 200 -
57.129.16.41 - - [30/Jan/2025:11:55:59 +0200] "HEAD /public/img/games/nn1.jpg HTTP/1.1" 200 -
51.89.167.1 - - [30/Jan/2025:11:55:59 +0200] "GET /public/img/games/p6.jpg HTTP/1.1" 200 1669
57.129.16.41 - - [30/Jan/2025:11:55:59 +0200] "GET /public/img/games/nn1.jpg HTTP/1.1" 200 1669
51.89.167.1 - - [30/Jan/2025:11:55:59 +0200] "HEAD /public/img/games/play.png HTTP/1.1" 200 -
57.129.16.41 - - [30/Jan/2025:11:55:59 +0200] "HEAD /public/img/games/nn2.jpg HTTP/1.1" 200 -
51.89.167.1 - - [30/Jan/2025:11:55:59 +0200] "GET /public/img/games/play.png HTTP/1.1" 200 7635
57.129.16.41 - - [30/Jan/2025:11:55:59 +0200] "GET /public/img/games/nn2.jpg HTTP/1.1" 200 1669
51.89.167.1 - - [30/Jan/2025:11:55:59 +0200] "HEAD /public/img/games/popu.jpg HTTP/1.1" 200 -
57.129.16.41 - - [30/Jan/2025:11:55:59 +0200] "HEAD /public/img/games/nn3.jpg HTTP/1.1" 200 -
51.89.167.1 - - [30/Jan/2025:11:55:59 +0200] "GET /public/img/games/popu.jpg HTTP/1.1" 200 1676
57.129.16.41 - - [30/Jan/2025:11:56:00 +0200] "GET /public/img/games/nn3.jpg HTTP/1.1" 200 1669
51.89.167.1 - - [30/Jan/2025:11:56:00 +0200] "HEAD /public/img/games/pro1.png HTTP/1.1" 200 -
57.129.16.41 - - [30/Jan/2025:11:56:00 +0200] "HEAD /public/img/games/nn4.jpg HTTP/1.1" 200 -
51.89.167.1 - - [30/Jan/2025:11:56:00 +0200] "GET /public/img/games/pro1.png HTTP/1.1" 200 1482
57.129.16.41 - - [30/Jan/2025:11:56:00 +0200] "GET /public/img/games/nn4.jpg HTTP/1.1" 200 1669
57.129.16.41 - - [30/Jan/2025:11:56:00 +0200] "HEAD /public/img/games/nn5.jpg HTTP/1.1" 200 -
51.89.167.1 - - [30/Jan/2025:11:56:00 +0200] "HEAD /public/img/games/pro2.png HTTP/1.1" 200 -
57.129.16.41 - - [30/Jan/2025:11:56:00 +0200] "GET /public/img/games/nn5.jpg HTTP/1.1" 200 1669
51.89.167.1 - - [30/Jan/2025:11:56:00 +0200] "GET /public/img/games/pro2.png HTTP/1.1" 200 1539
57.129.16.41 - - [30/Jan/2025:11:56:00 +0200] "HEAD /public/img/games/nn6.jpg HTTP/1.1" 200 -
51.89.167.1 - - [30/Jan/2025:11:56:00 +0200] "HEAD /public/img/games/pro3.png HTTP/1.1" 200 -
57.129.16.41 - - [30/Jan/2025:11:56:00 +0200] "GET /public/img/games/nn6.jpg HTTP/1.1" 200 1669
51.89.167.1 - - [30/Jan/2025:11:56:00 +0200] "GET /public/img/games/pro3.png HTTP/1.1" 200 1289
57.129.16.41 - - [30/Jan/2025:11:56:00 +0200] "HEAD /public/img/games/nn7.jpg HTTP/1.1" 200 -
51.89.167.1 - - [30/Jan/2025:11:56:00 +0200] "HEAD /public/img/games/pro4.png HTTP/1.1" 200 -
57.129.16.41 - - [30/Jan/2025:11:56:00 +0200] "GET /public/img/games/nn7.jpg HTTP/1.1" 200 1669
51.89.167.1 - - [30/Jan/2025:11:56:00 +0200] "GET /public/img/games/pro4.png HTTP/1.1" 200 1454
57.129.16.41 - - [30/Jan/2025:11:56:00 +0200] "HEAD /public/img/games/nn8.jpg HTTP/1.1" 200 -
51.89.167.1 - - [30/Jan/2025:11:56:00 +0200] "HEAD /public/img/games/s1.jpg HTTP/1.1" 200 -
57.129.16.41 - - [30/Jan/2025:11:56:01 +0200] "GET /public/img/games/nn8.jpg HTTP/1.1" 200 1669
51.89.167.1 - - [30/Jan/2025:11:56:01 +0200] "GET /public/img/games/s1.jpg HTTP/1.1" 200 1669
57.129.16.41 - - [30/Jan/2025:11:56:01 +0200] "HEAD /public/img/games/nn9.jpg HTTP/1.1" 200 -
51.89.167.1 - - [30/Jan/2025:11:56:01 +0200] "HEAD /public/img/games/s2.jpg HTTP/1.1" 200 -
57.129.16.41 - - [30/Jan/2025:11:56:01 +0200] "GET /public/img/games/nn9.jpg HTTP/1.1" 200 1669
51.89.167.1 - - [30/Jan/2025:11:56:01 +0200] "GET /public/img/games/s2.jpg HTTP/1.1" 200 1669
57.129.16.41 - - [30/Jan/2025:11:56:01 +0200] "HEAD /public/img/games/nn10.jpg HTTP/1.1" 200 -
51.89.167.1 - - [30/Jan/2025:11:56:01 +0200] "HEAD /public/img/games/s3.jpg HTTP/1.1" 200 -
57.129.16.41 - - [30/Jan/2025:11:56:01 +0200] "GET /public/img/games/nn10.jpg HTTP/1.1" 200 1669
51.89.167.1 - - [30/Jan/2025:11:56:01 +0200] "GET /public/img/games/s3.jpg HTTP/1.1" 200 1669
57.129.16.41 - - [30/Jan/2025:11:56:01 +0200] "HEAD /public/img/games/nn11.jpg HTTP/1.1" 200 -
51.89.167.1 - - [30/Jan/2025:11:56:01 +0200] "HEAD /public/img/games/s4.jpg HTTP/1.1" 200 -
57.129.16.41 - - [30/Jan/2025:11:56:01 +0200] "GET /public/img/games/nn11.jpg HTTP/1.1" 200 1669
51.89.167.1 - - [30/Jan/2025:11:56:01 +0200] "GET /public/img/games/s4.jpg HTTP/1.1" 200 1669
57.129.16.41 - - [30/Jan/2025:11:56:01 +0200] "HEAD /public/img/games/nn12.jpg HTTP/1.1" 200 -
51.89.167.1 - - [30/Jan/2025:11:56:01 +0200] "HEAD /public/img/games/s5.jpg HTTP/1.1" 200 -
57.129.16.41 - - [30/Jan/2025:11:56:01 +0200] "GET /public/img/games/nn12.jpg HTTP/1.1" 200 1669
51.89.167.1 - - [30/Jan/2025:11:56:01 +0200] "GET /public/img/games/s5.jpg HTTP/1.1" 200 1669
57.129.16.41 - - [30/Jan/2025:11:56:01 +0200] "HEAD /public/img/games/nn13.jpg HTTP/1.1" 200 -
51.89.167.1 - - [30/Jan/2025:11:56:01 +0200] "HEAD /public/img/games/s6.jpg HTTP/1.1" 200 -
57.129.16.41 - - [30/Jan/2025:11:56:01 +0200] "GET /public/img/games/nn13.jpg HTTP/1.1" 200 1669
51.89.167.1 - - [30/Jan/2025:11:56:02 +0200] "GET /public/img/games/s6.jpg HTTP/1.1" 200 1669
57.129.16.41 - - [30/Jan/2025:11:56:02 +0200] "HEAD /public/img/games/nn14.jpg HTTP/1.1" 200 -
57.129.16.41 - - [30/Jan/2025:11:56:02 +0200] "GET /public/img/games/nn14.jpg HTTP/1.1" 200 1669
51.89.167.1 - - [30/Jan/2025:11:56:02 +0200] "HEAD /public/img/games/s7.jpg HTTP/1.1" 200 -
51.89.167.1 - - [30/Jan/2025:11:56:02 +0200] "GET /public/img/games/s7.jpg HTTP/1.1" 200 1669
57.129.16.41 - - [30/Jan/2025:11:56:02 +0200] "HEAD /public/img/games/nn15.jpg HTTP/1.1" 200 -
57.129.16.41 - - [30/Jan/2025:11:56:02 +0200] "GET /public/img/games/nn15.jpg HTTP/1.1" 200 1669
51.89.167.1 - - [30/Jan/2025:11:56:02 +0200] "HEAD /public/img/games/s8.jpg HTTP/1.1" 200 -
51.89.167.1 - - [30/Jan/2025:11:56:02 +0200] "GET /public/img/games/s8.jpg HTTP/1.1" 200 1669
57.129.16.41 - - [30/Jan/2025:11:56:02 +0200] "HEAD /public/img/games/nn16.jpg HTTP/1.1" 200 -
51.89.167.1 - - [30/Jan/2025:11:56:02 +0200] "HEAD /public/img/games/s9.jpg HTTP/1.1" 200 -
57.129.16.41 - - [30/Jan/2025:11:56:02 +0200] "GET /public/img/games/nn16.jpg HTTP/1.1" 200 1669
51.89.167.1 - - [30/Jan/2025:11:56:02 +0200] "GET /public/img/games/s9.jpg HTTP/1.1" 200 1669
57.129.16.41 - - [30/Jan/2025:11:56:02 +0200] "HEAD /public/img/games/nn17.jpg HTTP/1.1" 200 -
51.89.167.1 - - [30/Jan/2025:11:56:02 +0200] "HEAD /public/img/games/s10.jpg HTTP/1.1" 200 -
57.129.16.41 - - [30/Jan/2025:11:56:02 +0200] "GET /public/img/games/nn17.jpg HTTP/1.1" 200 1669
51.89.167.1 - - [30/Jan/2025:11:56:02 +0200] "GET /public/img/games/s10.jpg HTTP/1.1" 200 1669
57.129.16.41 - - [30/Jan/2025:11:56:02 +0200] "HEAD /public/img/games/nn18.jpg HTTP/1.1" 200 -
51.89.167.1 - - [30/Jan/2025:11:56:03 +0200] "HEAD /public/img/games/s11.jpg HTTP/1.1" 200 -
57.129.16.41 - - [30/Jan/2025:11:56:03 +0200] "GET /public/img/games/nn18.jpg HTTP/1.1" 200 1669
51.89.167.1 - - [30/Jan/2025:11:56:03 +0200] "GET /public/img/games/s11.jpg HTTP/1.1" 200 1669
57.129.16.41 - - [30/Jan/2025:11:56:03 +0200] "HEAD /public/img/games/nn19.jpg HTTP/1.1" 200 -
51.89.167.1 - - [30/Jan/2025:11:56:03 +0200] "HEAD /public/img/games/s12.jpg HTTP/1.1" 200 -
57.129.16.41 - - [30/Jan/2025:11:56:03 +0200] "GET /public/img/games/nn19.jpg HTTP/1.1" 200 1669
51.89.167.1 - - [30/Jan/2025:11:56:03 +0200] "GET /public/img/games/s12.jpg HTTP/1.1" 200 1669
57.129.16.41 - - [30/Jan/2025:11:56:03 +0200] "HEAD /public/img/games/nn20.jpg HTTP/1.1" 200 -
51.89.167.1 - - [30/Jan/2025:11:56:03 +0200] "HEAD /public/img/games/sl1.jpg HTTP/1.1" 200 -
57.129.16.41 - - [30/Jan/2025:11:56:03 +0200] "GET /public/img/games/nn20.jpg HTTP/1.1" 200 1669
51.89.167.1 - - [30/Jan/2025:11:56:03 +0200] "GET /public/img/games/sl1.jpg HTTP/1.1" 200 1669
57.129.16.41 - - [30/Jan/2025:11:56:03 +0200] "HEAD /public/img/games/p1.jpg HTTP/1.1" 200 -
51.89.167.1 - - [30/Jan/2025:11:56:03 +0200] "HEAD /public/img/games/sl2.jpg HTTP/1.1" 200 -
57.129.16.41 - - [30/Jan/2025:11:56:03 +0200] "GET /public/img/games/p1.jpg HTTP/1.1" 200 1669
51.89.167.1 - - [30/Jan/2025:11:56:03 +0200] "GET /public/img/games/sl2.jpg HTTP/1.1" 200 1669
57.129.16.41 - - [30/Jan/2025:11:56:03 +0200] "HEAD /public/img/games/p2.jpg HTTP/1.1" 200 -
51.89.167.1 - - [30/Jan/2025:11:56:03 +0200] "HEAD /public/img/games/sl3.jpg HTTP/1.1" 200 -
57.129.16.41 - - [30/Jan/2025:11:56:03 +0200] "GET /public/img/games/p2.jpg HTTP/1.1" 200 1669
51.89.167.1 - - [30/Jan/2025:11:56:03 +0200] "GET /public/img/games/sl3.jpg HTTP/1.1" 200 1669
57.129.16.41 - - [30/Jan/2025:11:56:03 +0200] "HEAD /public/img/games/p3.jpg HTTP/1.1" 200 -
51.89.167.1 - - [30/Jan/2025:11:56:03 +0200] "HEAD /public/img/games/sl4.jpg HTTP/1.1" 200 -
57.129.16.41 - - [30/Jan/2025:11:56:04 +0200] "GET /public/img/games/p3.jpg HTTP/1.1" 200 1669
51.89.167.1 - - [30/Jan/2025:11:56:04 +0200] "GET /public/img/games/sl4.jpg HTTP/1.1" 200 1669
57.129.16.41 - - [30/Jan/2025:11:56:04 +0200] "HEAD /public/img/games/p4.jpg HTTP/1.1" 200 -
51.89.167.1 - - [30/Jan/2025:11:56:04 +0200] "HEAD /public/img/games/sl5.jpg HTTP/1.1" 200 -
57.129.16.41 - - [30/Jan/2025:11:56:04 +0200] "GET /public/img/games/p4.jpg HTTP/1.1" 200 1669
51.89.167.1 - - [30/Jan/2025:11:56:04 +0200] "GET /public/img/games/sl5.jpg HTTP/1.1" 200 1669
57.129.16.41 - - [30/Jan/2025:11:56:04 +0200] "HEAD /public/img/games/p5.jpg HTTP/1.1" 200 -
51.89.167.1 - - [30/Jan/2025:11:56:04 +0200] "HEAD /public/img/games/sl6.jpg HTTP/1.1" 200 -
57.129.16.41 - - [30/Jan/2025:11:56:04 +0200] "GET /public/img/games/p5.jpg HTTP/1.1" 200 1669
51.89.167.1 - - [30/Jan/2025:11:56:04 +0200] "GET /public/img/games/sl6.jpg HTTP/1.1" 200 1669
57.129.16.41 - - [30/Jan/2025:11:56:04 +0200] "HEAD /public/img/games/p6-2.jpg HTTP/1.1" 200 -
51.89.167.1 - - [30/Jan/2025:11:56:04 +0200] "HEAD /public/img/games/sl7.jpg HTTP/1.1" 200 -
57.129.16.41 - - [30/Jan/2025:11:56:04 +0200] "GET /public/img/games/p6-2.jpg HTTP/1.1" 200 44724
51.89.167.1 - - [30/Jan/2025:11:56:04 +0200] "GET /public/img/games/sl7.jpg HTTP/1.1" 200 1669
51.89.167.1 - - [30/Jan/2025:11:56:04 +0200] "HEAD /public/img/games/sl8.jpg HTTP/1.1" 200 -
57.129.16.41 - - [30/Jan/2025:11:56:04 +0200] "HEAD /public/img/games/p6.jpg HTTP/1.1" 200 -
51.89.167.1 - - [30/Jan/2025:11:56:04 +0200] "GET /public/img/games/sl8.jpg HTTP/1.1" 200 1669
57.129.16.41 - - [30/Jan/2025:11:56:04 +0200] "GET /public/img/games/p6.jpg HTTP/1.1" 200 1669
51.89.167.1 - - [30/Jan/2025:11:56:04 +0200] "HEAD /public/img/games/sl9.jpg HTTP/1.1" 200 -
57.129.16.41 - - [30/Jan/2025:11:56:04 +0200] "HEAD /public/img/games/play.png HTTP/1.1" 200 -
51.89.167.1 - - [30/Jan/2025:11:56:04 +0200] "GET /public/img/games/sl9.jpg HTTP/1.1" 200 1669
57.129.16.41 - - [30/Jan/2025:11:56:05 +0200] "GET /public/img/games/play.png HTTP/1.1" 200 7635
51.89.167.1 - - [30/Jan/2025:11:56:05 +0200] "HEAD /public/img/games/sl10.jpg HTTP/1.1" 200 -
57.129.16.41 - - [30/Jan/2025:11:56:05 +0200] "HEAD /public/img/games/popu.jpg HTTP/1.1" 200 -
51.89.167.1 - - [30/Jan/2025:11:56:05 +0200] "GET /public/img/games/sl10.jpg HTTP/1.1" 200 1669
57.129.16.41 - - [30/Jan/2025:11:56:05 +0200] "GET /public/img/games/popu.jpg HTTP/1.1" 200 1676
51.89.167.1 - - [30/Jan/2025:11:56:05 +0200] "HEAD /public/img/games/sl11.jpg HTTP/1.1" 200 -
57.129.16.41 - - [30/Jan/2025:11:56:05 +0200] "HEAD /public/img/games/pro1.png HTTP/1.1" 200 -
51.89.167.1 - - [30/Jan/2025:11:56:05 +0200] "GET /public/img/games/sl11.jpg HTTP/1.1" 200 1669
57.129.16.41 - - [30/Jan/2025:11:56:05 +0200] "GET /public/img/games/pro1.png HTTP/1.1" 200 1482
51.89.167.1 - - [30/Jan/2025:11:56:05 +0200] "HEAD /public/img/games/sl12.jpg HTTP/1.1" 200 -
51.89.167.1 - - [30/Jan/2025:11:56:05 +0200] "GET /public/img/games/sl12.jpg HTTP/1.1" 200 1669
57.129.16.41 - - [30/Jan/2025:11:56:05 +0200] "HEAD /public/img/games/pro2.png HTTP/1.1" 200 -
57.129.16.41 - - [30/Jan/2025:11:56:05 +0200] "GET /public/img/games/pro2.png HTTP/1.1" 200 1539
51.89.167.1 - - [30/Jan/2025:11:56:05 +0200] "HEAD /public/img/games/sl13.jpg HTTP/1.1" 200 -
51.89.167.1 - - [30/Jan/2025:11:56:05 +0200] "GET /public/img/games/sl13.jpg HTTP/1.1" 200 1669
57.129.16.41 - - [30/Jan/2025:11:56:05 +0200] "HEAD /public/img/games/pro3.png HTTP/1.1" 200 -
57.129.16.41 - - [30/Jan/2025:11:56:05 +0200] "GET /public/img/games/pro3.png HTTP/1.1" 200 1289
51.89.167.1 - - [30/Jan/2025:11:56:05 +0200] "HEAD /public/img/games/sl14.jpg HTTP/1.1" 200 -
51.89.167.1 - - [30/Jan/2025:11:56:05 +0200] "GET /public/img/games/sl14.jpg HTTP/1.1" 200 1669
57.129.16.41 - - [30/Jan/2025:11:56:05 +0200] "HEAD /public/img/games/pro4.png HTTP/1.1" 200 -
57.129.16.41 - - [30/Jan/2025:11:56:06 +0200] "GET /public/img/games/pro4.png HTTP/1.1" 200 1454
51.89.167.1 - - [30/Jan/2025:11:56:06 +0200] "HEAD /public/img/games/sl15.jpg HTTP/1.1" 200 -
51.89.167.1 - - [30/Jan/2025:11:56:06 +0200] "GET /public/img/games/sl15.jpg HTTP/1.1" 200 1669
57.129.16.41 - - [30/Jan/2025:11:56:06 +0200] "HEAD /public/img/games/s1.jpg HTTP/1.1" 200 -
57.129.16.41 - - [30/Jan/2025:11:56:06 +0200] "GET /public/img/games/s1.jpg HTTP/1.1" 200 1669
51.89.167.1 - - [30/Jan/2025:11:56:06 +0200] "HEAD /public/img/games/sl16.jpg HTTP/1.1" 200 -
51.89.167.1 - - [30/Jan/2025:11:56:06 +0200] "GET /public/img/games/sl16.jpg HTTP/1.1" 200 1669
57.129.16.41 - - [30/Jan/2025:11:56:06 +0200] "HEAD /public/img/games/s2.jpg HTTP/1.1" 200 -
57.129.16.41 - - [30/Jan/2025:11:56:06 +0200] "GET /public/img/games/s2.jpg HTTP/1.1" 200 1669
51.89.167.1 - - [30/Jan/2025:11:56:06 +0200] "HEAD /public/img/games/sl17.jpg HTTP/1.1" 200 -
51.89.167.1 - - [30/Jan/2025:11:56:06 +0200] "GET /public/img/games/sl17.jpg HTTP/1.1" 200 1669
57.129.16.41 - - [30/Jan/2025:11:56:06 +0200] "HEAD /public/img/games/s3.jpg HTTP/1.1" 200 -
57.129.16.41 - - [30/Jan/2025:11:56:06 +0200] "GET /public/img/games/s3.jpg HTTP/1.1" 200 1669
51.89.167.1 - - [30/Jan/2025:11:56:06 +0200] "HEAD /public/img/games/sl18.jpg HTTP/1.1" 200 -
51.89.167.1 - - [30/Jan/2025:11:56:06 +0200] "GET /public/img/games/sl18.jpg HTTP/1.1" 200 1669
57.129.16.41 - - [30/Jan/2025:11:56:06 +0200] "HEAD /public/img/games/s4.jpg HTTP/1.1" 200 -
51.89.167.1 - - [30/Jan/2025:11:56:06 +0200] "HEAD /public/img/games/sl19.jpg HTTP/1.1" 200 -
57.129.16.41 - - [30/Jan/2025:11:56:06 +0200] "GET /public/img/games/s4.jpg HTTP/1.1" 200 1669
51.89.167.1 - - [30/Jan/2025:11:56:06 +0200] "GET /public/img/games/sl19.jpg HTTP/1.1" 200 1669
57.129.16.41 - - [30/Jan/2025:11:56:07 +0200] "HEAD /public/img/games/s5.jpg HTTP/1.1" 200 -
51.89.167.1 - - [30/Jan/2025:11:56:07 +0200] "HEAD /public/img/games/t1.jpg HTTP/1.1" 200 -
57.129.16.41 - - [30/Jan/2025:11:56:07 +0200] "GET /public/img/games/s5.jpg HTTP/1.1" 200 1669
51.89.167.1 - - [30/Jan/2025:11:56:07 +0200] "GET /public/img/games/t1.jpg HTTP/1.1" 200 1676
57.129.16.41 - - [30/Jan/2025:11:56:07 +0200] "HEAD /public/img/games/s6.jpg HTTP/1.1" 200 -
57.129.16.41 - - [30/Jan/2025:11:56:07 +0200] "GET /public/img/games/s6.jpg HTTP/1.1" 200 1669
51.89.167.1 - - [30/Jan/2025:11:56:07 +0200] "HEAD /public/img/games/t2.jpg HTTP/1.1" 200 -
51.89.167.1 - - [30/Jan/2025:11:56:07 +0200] "GET /public/img/games/t2.jpg HTTP/1.1" 200 1669
57.129.16.41 - - [30/Jan/2025:11:56:07 +0200] "HEAD /public/img/games/s7.jpg HTTP/1.1" 200 -
57.129.16.41 - - [30/Jan/2025:11:56:07 +0200] "GET /public/img/games/s7.jpg HTTP/1.1" 200 1669
51.89.167.1 - - [30/Jan/2025:11:56:07 +0200] "HEAD /public/img/games/t3.jpg HTTP/1.1" 200 -
51.89.167.1 - - [30/Jan/2025:11:56:07 +0200] "GET /public/img/games/t3.jpg HTTP/1.1" 200 1669
57.129.16.41 - - [30/Jan/2025:11:56:07 +0200] "HEAD /public/img/games/s8.jpg HTTP/1.1" 200 -
57.129.16.41 - - [30/Jan/2025:11:56:07 +0200] "GET /public/img/games/s8.jpg HTTP/1.1" 200 1669
51.89.167.1 - - [30/Jan/2025:11:56:07 +0200] "HEAD /public/img/games/t4.jpg HTTP/1.1" 200 -
51.89.167.1 - - [30/Jan/2025:11:56:07 +0200] "GET /public/img/games/t4.jpg HTTP/1.1" 200 1669
57.129.16.41 - - [30/Jan/2025:11:56:07 +0200] "HEAD /public/img/games/s9.jpg HTTP/1.1" 200 -
57.129.16.41 - - [30/Jan/2025:11:56:07 +0200] "GET /public/img/games/s9.jpg HTTP/1.1" 200 1669
51.89.167.1 - - [30/Jan/2025:11:56:07 +0200] "HEAD /public/img/games/t5.jpg HTTP/1.1" 200 -
51.89.167.1 - - [30/Jan/2025:11:56:07 +0200] "GET /public/img/games/t5.jpg HTTP/1.1" 200 1669
57.129.16.41 - - [30/Jan/2025:11:56:08 +0200] "HEAD /public/img/games/s10.jpg HTTP/1.1" 200 -
51.89.167.1 - - [30/Jan/2025:11:56:08 +0200] "HEAD /public/img/games/t6.jpg HTTP/1.1" 200 -
57.129.16.41 - - [30/Jan/2025:11:56:08 +0200] "GET /public/img/games/s10.jpg HTTP/1.1" 200 1669
51.89.167.1 - - [30/Jan/2025:11:56:08 +0200] "GET /public/img/games/t6.jpg HTTP/1.1" 200 1669
57.129.16.41 - - [30/Jan/2025:11:56:08 +0200] "HEAD /public/img/games/s11.jpg HTTP/1.1" 200 -
51.89.167.1 - - [30/Jan/2025:11:56:08 +0200] "HEAD /public/img/games/t7.jpg HTTP/1.1" 200 -
57.129.16.41 - - [30/Jan/2025:11:56:08 +0200] "GET /public/img/games/s11.jpg HTTP/1.1" 200 1669
51.89.167.1 - - [30/Jan/2025:11:56:08 +0200] "GET /public/img/games/t7.jpg HTTP/1.1" 200 1669
57.129.16.41 - - [30/Jan/2025:11:56:08 +0200] "HEAD /public/img/games/s12.jpg HTTP/1.1" 200 -
51.89.167.1 - - [30/Jan/2025:11:56:08 +0200] "HEAD /public/img/games/t13.jpg HTTP/1.1" 200 -
57.129.16.41 - - [30/Jan/2025:11:56:08 +0200] "GET /public/img/games/s12.jpg HTTP/1.1" 200 1669
51.89.167.1 - - [30/Jan/2025:11:56:08 +0200] "GET /public/img/games/t13.jpg HTTP/1.1" 200 1669
57.129.16.41 - - [30/Jan/2025:11:56:08 +0200] "HEAD /public/img/games/sl1.jpg HTTP/1.1" 200 -
51.89.167.1 - - [30/Jan/2025:11:56:08 +0200] "HEAD /public/img/games/tg1.jpg HTTP/1.1" 200 -
57.129.16.41 - - [30/Jan/2025:11:56:08 +0200] "GET /public/img/games/sl1.jpg HTTP/1.1" 200 1669
51.89.167.1 - - [30/Jan/2025:11:56:08 +0200] "GET /public/img/games/tg1.jpg HTTP/1.1" 200 1669
51.89.167.1 - - [30/Jan/2025:11:56:08 +0200] "HEAD /public/img/games/tg2.jpg HTTP/1.1" 200 -
57.129.16.41 - - [30/Jan/2025:11:56:08 +0200] "HEAD /public/img/games/sl2.jpg HTTP/1.1" 200 -
51.89.167.1 - - [30/Jan/2025:11:56:08 +0200] "GET /public/img/games/tg2.jpg HTTP/1.1" 200 1669
57.129.16.41 - - [30/Jan/2025:11:56:08 +0200] "GET /public/img/games/sl2.jpg HTTP/1.1" 200 1669
51.89.167.1 - - [30/Jan/2025:11:56:09 +0200] "HEAD /public/img/games/tg3.jpg HTTP/1.1" 200 -
57.129.16.41 - - [30/Jan/2025:11:56:09 +0200] "HEAD /public/img/games/sl3.jpg HTTP/1.1" 200 -
51.89.167.1 - - [30/Jan/2025:11:56:09 +0200] "GET /public/img/games/tg3.jpg HTTP/1.1" 200 1669
57.129.16.41 - - [30/Jan/2025:11:56:09 +0200] "GET /public/img/games/sl3.jpg HTTP/1.1" 200 1669
51.89.167.1 - - [30/Jan/2025:11:56:09 +0200] "HEAD /public/img/games/tg4.jpg HTTP/1.1" 200 -
57.129.16.41 - - [30/Jan/2025:11:56:09 +0200] "HEAD /public/img/games/sl4.jpg HTTP/1.1" 200 -
51.89.167.1 - - [30/Jan/2025:11:56:09 +0200] "GET /public/img/games/tg4.jpg HTTP/1.1" 200 1669
57.129.16.41 - - [30/Jan/2025:11:56:09 +0200] "GET /public/img/games/sl4.jpg HTTP/1.1" 200 1669
51.89.167.1 - - [30/Jan/2025:11:56:09 +0200] "HEAD /public/img/games/tg5.jpg HTTP/1.1" 200 -
57.129.16.41 - - [30/Jan/2025:11:56:09 +0200] "HEAD /public/img/games/sl5.jpg HTTP/1.1" 200 -
51.89.167.1 - - [30/Jan/2025:11:56:09 +0200] "GET /public/img/games/tg5.jpg HTTP/1.1" 200 1669
57.129.16.41 - - [30/Jan/2025:11:56:09 +0200] "GET /public/img/games/sl5.jpg HTTP/1.1" 200 1669
51.89.167.1 - - [30/Jan/2025:11:56:09 +0200] "HEAD /public/img/games/tg6.jpg HTTP/1.1" 200 -
57.129.16.41 - - [30/Jan/2025:11:56:09 +0200] "HEAD /public/img/games/sl6.jpg HTTP/1.1" 200 -
51.89.167.1 - - [30/Jan/2025:11:56:09 +0200] "GET /public/img/games/tg6.jpg HTTP/1.1" 200 1669
57.129.16.41 - - [30/Jan/2025:11:56:09 +0200] "GET /public/img/games/sl6.jpg HTTP/1.1" 200 1669
51.89.167.1 - - [30/Jan/2025:11:56:09 +0200] "HEAD /public/img/games/tg7.jpg HTTP/1.1" 200 -
51.89.167.1 - - [30/Jan/2025:11:56:09 +0200] "GET /public/img/games/tg7.jpg HTTP/1.1" 200 1669
57.129.16.41 - - [30/Jan/2025:11:56:09 +0200] "HEAD /public/img/games/sl7.jpg HTTP/1.1" 200 -
57.129.16.41 - - [30/Jan/2025:11:56:09 +0200] "GET /public/img/games/sl7.jpg HTTP/1.1" 200 1669
51.89.167.1 - - [30/Jan/2025:11:56:10 +0200] "HEAD /public/img/games/tg8.jpg HTTP/1.1" 200 -
51.89.167.1 - - [30/Jan/2025:11:56:10 +0200] "GET /public/img/games/tg8.jpg HTTP/1.1" 200 1669
57.129.16.41 - - [30/Jan/2025:11:56:10 +0200] "HEAD /public/img/games/sl8.jpg HTTP/1.1" 200 -
57.129.16.41 - - [30/Jan/2025:11:56:10 +0200] "GET /public/img/games/sl8.jpg HTTP/1.1" 200 1669
51.89.167.1 - - [30/Jan/2025:11:56:10 +0200] "HEAD /public/img/games/tg9.jpg HTTP/1.1" 200 -
51.89.167.1 - - [30/Jan/2025:11:56:10 +0200] "GET /public/img/games/tg9.jpg HTTP/1.1" 200 1669
57.129.16.41 - - [30/Jan/2025:11:56:10 +0200] "HEAD /public/img/games/sl9.jpg HTTP/1.1" 200 -
57.129.16.41 - - [30/Jan/2025:11:56:10 +0200] "GET /public/img/games/sl9.jpg HTTP/1.1" 200 1669
51.89.167.1 - - [30/Jan/2025:11:56:10 +0200] "HEAD /public/img/games/tg10.jpg HTTP/1.1" 200 -
51.89.167.1 - - [30/Jan/2025:11:56:10 +0200] "GET /public/img/games/tg10.jpg HTTP/1.1" 200 1669
57.129.16.41 - - [30/Jan/2025:11:56:10 +0200] "HEAD /public/img/games/sl10.jpg HTTP/1.1" 200 -
57.129.16.41 - - [30/Jan/2025:11:56:10 +0200] "GET /public/img/games/sl10.jpg HTTP/1.1" 200 1669
51.89.167.1 - - [30/Jan/2025:11:56:10 +0200] "HEAD /public/img/games/tg11.jpg HTTP/1.1" 200 -
51.89.167.1 - - [30/Jan/2025:11:56:10 +0200] "GET /public/img/games/tg11.jpg HTTP/1.1" 200 1669
57.129.16.41 - - [30/Jan/2025:11:56:10 +0200] "HEAD /public/img/games/sl11.jpg HTTP/1.1" 200 -
57.129.16.41 - - [30/Jan/2025:11:56:10 +0200] "GET /public/img/games/sl11.jpg HTTP/1.1" 200 1669
51.89.167.1 - - [30/Jan/2025:11:56:10 +0200] "HEAD /public/img/games/tg12.jpg HTTP/1.1" 200 -
51.89.167.1 - - [30/Jan/2025:11:56:10 +0200] "GET /public/img/games/tg12.jpg HTTP/1.1" 200 1669
57.129.16.41 - - [30/Jan/2025:11:56:10 +0200] "HEAD /public/img/games/sl12.jpg HTTP/1.1" 200 -
51.89.167.1 - - [30/Jan/2025:11:56:11 +0200] "HEAD /public/img/games/tg13.jpg HTTP/1.1" 200 -
57.129.16.41 - - [30/Jan/2025:11:56:11 +0200] "GET /public/img/games/sl12.jpg HTTP/1.1" 200 1669
51.89.167.1 - - [30/Jan/2025:11:56:11 +0200] "GET /public/img/games/tg13.jpg HTTP/1.1" 200 1669
57.129.16.41 - - [30/Jan/2025:11:56:11 +0200] "HEAD /public/img/games/sl13.jpg HTTP/1.1" 200 -
51.89.167.1 - - [30/Jan/2025:11:56:11 +0200] "HEAD /public/img/games/tg14.jpg HTTP/1.1" 200 -
57.129.16.41 - - [30/Jan/2025:11:56:11 +0200] "GET /public/img/games/sl13.jpg HTTP/1.1" 200 1669
51.89.167.1 - - [30/Jan/2025:11:56:11 +0200] "GET /public/img/games/tg14.jpg HTTP/1.1" 200 1669
57.129.16.41 - - [30/Jan/2025:11:56:11 +0200] "HEAD /public/img/games/sl14.jpg HTTP/1.1" 200 -
51.89.167.1 - - [30/Jan/2025:11:56:11 +0200] "HEAD /public/img/games/tg15.jpg HTTP/1.1" 200 -
57.129.16.41 - - [30/Jan/2025:11:56:11 +0200] "GET /public/img/games/sl14.jpg HTTP/1.1" 200 1669
51.89.167.1 - - [30/Jan/2025:11:56:11 +0200] "GET /public/img/games/tg15.jpg HTTP/1.1" 200 1669
57.129.16.41 - - [30/Jan/2025:11:56:11 +0200] "HEAD /public/img/games/sl15.jpg HTTP/1.1" 200 -
51.89.167.1 - - [30/Jan/2025:11:56:11 +0200] "HEAD /public/img/games/tg16.jpg HTTP/1.1" 200 -
57.129.16.41 - - [30/Jan/2025:11:56:11 +0200] "GET /public/img/games/sl15.jpg HTTP/1.1" 200 1669
51.89.167.1 - - [30/Jan/2025:11:56:11 +0200] "GET /public/img/games/tg16.jpg HTTP/1.1" 200 1669
57.129.16.41 - - [30/Jan/2025:11:56:11 +0200] "HEAD /public/img/games/sl16.jpg HTTP/1.1" 200 -
51.89.167.1 - - [30/Jan/2025:11:56:11 +0200] "HEAD /public/img/games/tg17.jpg HTTP/1.1" 200 -
51.89.167.1 - - [30/Jan/2025:11:56:11 +0200] "GET /public/img/games/tg17.jpg HTTP/1.1" 200 1669
57.129.16.41 - - [30/Jan/2025:11:56:11 +0200] "GET /public/img/games/sl16.jpg HTTP/1.1" 200 1669
51.89.167.1 - - [30/Jan/2025:11:56:11 +0200] "HEAD /public/img/games/tg18.jpg HTTP/1.1" 200 -
57.129.16.41 - - [30/Jan/2025:11:56:11 +0200] "HEAD /public/img/games/sl17.jpg HTTP/1.1" 200 -
57.129.16.41 - - [30/Jan/2025:11:56:12 +0200] "GET /public/img/games/sl17.jpg HTTP/1.1" 200 1669
51.89.167.1 - - [30/Jan/2025:11:56:12 +0200] "GET /public/img/games/tg18.jpg HTTP/1.1" 200 1669
57.129.16.41 - - [30/Jan/2025:11:56:12 +0200] "HEAD /public/img/games/sl18.jpg HTTP/1.1" 200 -
51.89.167.1 - - [30/Jan/2025:11:56:12 +0200] "HEAD /public/img/games/tg19.jpg HTTP/1.1" 200 -
57.129.16.41 - - [30/Jan/2025:11:56:12 +0200] "GET /public/img/games/sl18.jpg HTTP/1.1" 200 1669
51.89.167.1 - - [30/Jan/2025:11:56:12 +0200] "GET /public/img/games/tg19.jpg HTTP/1.1" 200 1669
57.129.16.41 - - [30/Jan/2025:11:56:12 +0200] "HEAD /public/img/games/sl19.jpg HTTP/1.1" 200 -
51.89.167.1 - - [30/Jan/2025:11:56:12 +0200] "HEAD /public/img/games/tg20.jpg HTTP/1.1" 200 -
57.129.16.41 - - [30/Jan/2025:11:56:12 +0200] "GET /public/img/games/sl19.jpg HTTP/1.1" 200 1669
51.89.167.1 - - [30/Jan/2025:11:56:12 +0200] "GET /public/img/games/tg20.jpg HTTP/1.1" 200 1669
57.129.16.41 - - [30/Jan/2025:11:56:12 +0200] "HEAD /public/img/games/t1.jpg HTTP/1.1" 200 -
51.89.167.1 - - [30/Jan/2025:11:56:12 +0200] "HEAD /public/img/games/tt1.jpg HTTP/1.1" 200 -
57.129.16.41 - - [30/Jan/2025:11:56:12 +0200] "GET /public/img/games/t1.jpg HTTP/1.1" 200 1676
51.89.167.1 - - [30/Jan/2025:11:56:12 +0200] "GET /public/img/games/tt1.jpg HTTP/1.1" 200 1669
205.169.39.16 - - [30/Jan/2025:11:56:12 +0200] "GET /themeforest-CVf80rlA-sportodds-sports-betting-website-react-next-js-template.zip HTTP/1.1" 200 4676908
57.129.16.41 - - [30/Jan/2025:11:56:12 +0200] "HEAD /public/img/games/t2.jpg HTTP/1.1" 200 -
51.89.167.1 - - [30/Jan/2025:11:56:12 +0200] "HEAD /public/img/games/tt2.jpg HTTP/1.1" 200 -
57.129.16.41 - - [30/Jan/2025:11:56:12 +0200] "GET /public/img/games/t2.jpg HTTP/1.1" 200 1669
51.89.167.1 - - [30/Jan/2025:11:56:12 +0200] "GET /public/img/games/tt2.jpg HTTP/1.1" 200 1669
51.89.167.1 - - [30/Jan/2025:11:56:13 +0200] "HEAD /public/img/games/tt3.jpg HTTP/1.1" 200 -
57.129.16.41 - - [30/Jan/2025:11:56:13 +0200] "HEAD /public/img/games/t3.jpg HTTP/1.1" 200 -
51.89.167.1 - - [30/Jan/2025:11:56:13 +0200] "GET /public/img/games/tt3.jpg HTTP/1.1" 200 1669
57.129.16.41 - - [30/Jan/2025:11:56:13 +0200] "GET /public/img/games/t3.jpg HTTP/1.1" 200 1669
205.169.39.1 - - [30/Jan/2025:11:56:13 +0200] "GET /start.js HTTP/1.1" 200 4707
51.89.167.1 - - [30/Jan/2025:11:56:13 +0200] "HEAD /public/img/games/tt4.jpg HTTP/1.1" 200 -
57.129.16.41 - - [30/Jan/2025:11:56:13 +0200] "HEAD /public/img/games/t4.jpg HTTP/1.1" 200 -
51.89.167.1 - - [30/Jan/2025:11:56:13 +0200] "GET /public/img/games/tt4.jpg HTTP/1.1" 200 1669
57.129.16.41 - - [30/Jan/2025:11:56:13 +0200] "GET /public/img/games/t4.jpg HTTP/1.1" 200 1669
205.169.39.5 - - [30/Jan/2025:11:56:13 +0200] "GET /server.js HTTP/1.1" 200 5121
51.89.167.1 - - [30/Jan/2025:11:56:13 +0200] "HEAD /public/img/games/tt5.jpg HTTP/1.1" 200 -
57.129.16.41 - - [30/Jan/2025:11:56:13 +0200] "HEAD /public/img/games/t5.jpg HTTP/1.1" 200 -
51.89.167.1 - - [30/Jan/2025:11:56:13 +0200] "GET /public/img/games/tt5.jpg HTTP/1.1" 200 1669
57.129.16.41 - - [30/Jan/2025:11:56:13 +0200] "GET /public/img/games/t5.jpg HTTP/1.1" 200 1669
51.89.167.1 - - [30/Jan/2025:11:56:13 +0200] "HEAD /public/img/games/tt6.jpg HTTP/1.1" 200 -
51.89.167.1 - - [30/Jan/2025:11:56:13 +0200] "GET /public/img/games/tt6.jpg HTTP/1.1" 200 1669
57.129.16.41 - - [30/Jan/2025:11:56:13 +0200] "HEAD /public/img/games/t6.jpg HTTP/1.1" 200 -
57.129.16.41 - - [30/Jan/2025:11:56:13 +0200] "GET /public/img/games/t6.jpg HTTP/1.1" 200 1669
51.89.167.1 - - [30/Jan/2025:11:56:13 +0200] "HEAD /public/img/games/tt7.jpg HTTP/1.1" 200 -
51.89.167.1 - - [30/Jan/2025:11:56:13 +0200] "GET /public/img/games/tt7.jpg HTTP/1.1" 200 1669
57.129.16.41 - - [30/Jan/2025:11:56:13 +0200] "HEAD /public/img/games/t7.jpg HTTP/1.1" 200 -
57.129.16.41 - - [30/Jan/2025:11:56:13 +0200] "GET /public/img/games/t7.jpg HTTP/1.1" 200 1669
51.89.167.1 - - [30/Jan/2025:11:56:13 +0200] "HEAD /public/img/games/tt8.jpg HTTP/1.1" 200 -
51.89.167.1 - - [30/Jan/2025:11:56:14 +0200] "GET /public/img/games/tt8.jpg HTTP/1.1" 200 1669
57.129.16.41 - - [30/Jan/2025:11:56:14 +0200] "HEAD /public/img/games/t13.jpg HTTP/1.1" 200 -
57.129.16.41 - - [30/Jan/2025:11:56:14 +0200] "GET /public/img/games/t13.jpg HTTP/1.1" 200 1669
51.89.167.1 - - [30/Jan/2025:11:56:14 +0200] "HEAD /public/img/games/tt9.jpg HTTP/1.1" 200 -
