51.89.167.1 - - [30/Jan/2025:11:56:14 +0200] "GET /public/img/games/tt9.jpg HTTP/1.1" 200 1669
57.129.16.41 - - [30/Jan/2025:11:56:14 +0200] "HEAD /public/img/games/tg1.jpg HTTP/1.1" 200 -
57.129.16.41 - - [30/Jan/2025:11:56:14 +0200] "GET /public/img/games/tg1.jpg HTTP/1.1" 200 1669
51.89.167.1 - - [30/Jan/2025:11:56:14 +0200] "HEAD /public/img/games/tt10.jpg HTTP/1.1" 200 -
51.89.167.1 - - [30/Jan/2025:11:56:14 +0200] "GET /public/img/games/tt10.jpg HTTP/1.1" 200 1669
57.129.16.41 - - [30/Jan/2025:11:56:14 +0200] "HEAD /public/img/games/tg2.jpg HTTP/1.1" 200 -
51.89.167.1 - - [30/Jan/2025:11:56:14 +0200] "HEAD /public/img/games/tt11.jpg HTTP/1.1" 200 -
51.89.167.1 - - [30/Jan/2025:11:56:14 +0200] "GET /public/img/games/tt11.jpg HTTP/1.1" 200 1669
57.129.16.41 - - [30/Jan/2025:11:56:14 +0200] "GET /public/img/games/tg2.jpg HTTP/1.1" 200 1669
51.89.167.1 - - [30/Jan/2025:11:56:14 +0200] "HEAD /public/img/games/tt12.jpg HTTP/1.1" 200 -
57.129.16.41 - - [30/Jan/2025:11:56:14 +0200] "HEAD /public/img/games/tg3.jpg HTTP/1.1" 200 -
51.89.167.1 - - [30/Jan/2025:11:56:14 +0200] "GET /public/img/games/tt12.jpg HTTP/1.1" 200 1669
205.169.39.3 - - [30/Jan/2025:11:56:14 +0200] "GET /next.config.js HTTP/1.1" 200 406
57.129.16.41 - - [30/Jan/2025:11:56:14 +0200] "GET /public/img/games/tg3.jpg HTTP/1.1" 200 1669
51.89.167.1 - - [30/Jan/2025:11:56:14 +0200] "HEAD /public/img/games/tt14.jpg HTTP/1.1" 200 -
51.89.167.1 - - [30/Jan/2025:11:56:15 +0200] "GET /public/img/games/tt14.jpg HTTP/1.1" 200 1669
57.129.16.41 - - [30/Jan/2025:11:56:15 +0200] "HEAD /public/img/games/tg4.jpg HTTP/1.1" 200 -
57.129.16.41 - - [30/Jan/2025:11:56:15 +0200] "GET /public/img/games/tg4.jpg HTTP/1.1" 200 1669
51.89.167.1 - - [30/Jan/2025:11:56:15 +0200] "HEAD /public/img/games/tt15.jpg HTTP/1.1" 200 -
51.89.167.1 - - [30/Jan/2025:11:56:15 +0200] "GET /public/img/games/tt15.jpg HTTP/1.1" 200 1669
57.129.16.41 - - [30/Jan/2025:11:56:15 +0200] "HEAD /public/img/games/tg5.jpg HTTP/1.1" 200 -
57.129.16.41 - - [30/Jan/2025:11:56:15 +0200] "GET /public/img/games/tg5.jpg HTTP/1.1" 200 1669
51.89.167.1 - - [30/Jan/2025:11:56:15 +0200] "HEAD /public/img/games/tt16.jpg HTTP/1.1" 200 -
51.89.167.1 - - [30/Jan/2025:11:56:15 +0200] "GET /public/img/games/tt16.jpg HTTP/1.1" 200 1669
57.129.16.41 - - [30/Jan/2025:11:56:15 +0200] "HEAD /public/img/games/tg6.jpg HTTP/1.1" 200 -
57.129.16.41 - - [30/Jan/2025:11:56:15 +0200] "GET /public/img/games/tg6.jpg HTTP/1.1" 200 1669
51.89.167.1 - - [30/Jan/2025:11:56:15 +0200] "HEAD /public/img/games/tt17.jpg HTTP/1.1" 200 -
205.169.39.5 - - [30/Jan/2025:11:56:15 +0200] "GET /22cazino.bat HTTP/1.1" 200 110
51.89.167.1 - - [30/Jan/2025:11:56:15 +0200] "GET /public/img/games/tt17.jpg HTTP/1.1" 200 1669
57.129.16.41 - - [30/Jan/2025:11:56:15 +0200] "HEAD /public/img/games/tg7.jpg HTTP/1.1" 200 -
51.89.167.1 - - [30/Jan/2025:11:56:15 +0200] "HEAD /public/img/games/tt18.jpg HTTP/1.1" 200 -
57.129.16.41 - - [30/Jan/2025:11:56:15 +0200] "GET /public/img/games/tg7.jpg HTTP/1.1" 200 1669
51.89.167.1 - - [30/Jan/2025:11:56:15 +0200] "GET /public/img/games/tt18.jpg HTTP/1.1" 200 1669
57.129.16.41 - - [30/Jan/2025:11:56:15 +0200] "HEAD /public/img/games/tg8.jpg HTTP/1.1" 200 -
51.89.167.1 - - [30/Jan/2025:11:56:15 +0200] "HEAD /public/img/games/tt19.jpg HTTP/1.1" 200 -
57.129.16.41 - - [30/Jan/2025:11:56:15 +0200] "GET /public/img/games/tg8.jpg HTTP/1.1" 200 1669
51.89.167.1 - - [30/Jan/2025:11:56:16 +0200] "GET /public/img/games/tt19.jpg HTTP/1.1" 200 1669
57.129.16.41 - - [30/Jan/2025:11:56:16 +0200] "HEAD /public/img/games/tg9.jpg HTTP/1.1" 200 -
51.89.167.1 - - [30/Jan/2025:11:56:16 +0200] "HEAD /public/img/games/tt20%20-%20Copy.jpg HTTP/1.1" 200 -
57.129.16.41 - - [30/Jan/2025:11:56:16 +0200] "GET /public/img/games/tg9.jpg HTTP/1.1" 200 1669
51.89.167.1 - - [30/Jan/2025:11:56:16 +0200] "GET /public/img/games/tt20%20-%20Copy.jpg HTTP/1.1" 200 1669
51.89.167.1 - - [30/Jan/2025:11:56:16 +0200] "HEAD /public/img/games/tt20.jpg HTTP/1.1" 200 -
57.129.16.41 - - [30/Jan/2025:11:56:16 +0200] "HEAD /public/img/games/tg10.jpg HTTP/1.1" 200 -
51.89.167.1 - - [30/Jan/2025:11:56:16 +0200] "GET /public/img/games/tt20.jpg HTTP/1.1" 200 1669
57.129.16.41 - - [30/Jan/2025:11:56:16 +0200] "GET /public/img/games/tg10.jpg HTTP/1.1" 200 1669
51.89.167.1 - - [30/Jan/2025:11:56:16 +0200] "HEAD /public/img/games/tt21%20-%20Copy.jpg HTTP/1.1" 200 -
51.89.167.1 - - [30/Jan/2025:11:56:16 +0200] "GET /public/img/games/tt21%20-%20Copy.jpg HTTP/1.1" 200 1669
57.129.16.41 - - [30/Jan/2025:11:56:16 +0200] "HEAD /public/img/games/tg11.jpg HTTP/1.1" 200 -
57.129.16.41 - - [30/Jan/2025:11:56:16 +0200] "GET /public/img/games/tg11.jpg HTTP/1.1" 200 1669
51.89.167.1 - - [30/Jan/2025:11:56:16 +0200] "HEAD /public/img/games/tt21.jpg HTTP/1.1" 200 -
51.89.167.1 - - [30/Jan/2025:11:56:16 +0200] "GET /public/img/games/tt21.jpg HTTP/1.1" 200 1669
57.129.16.41 - - [30/Jan/2025:11:56:16 +0200] "HEAD /public/img/games/tg12.jpg HTTP/1.1" 200 -
57.129.16.41 - - [30/Jan/2025:11:56:16 +0200] "GET /public/img/games/tg12.jpg HTTP/1.1" 200 1669
51.89.167.1 - - [30/Jan/2025:11:56:16 +0200] "HEAD /public/img/games/tt22.jpg HTTP/1.1" 200 -
51.89.167.1 - - [30/Jan/2025:11:56:16 +0200] "GET /public/img/games/tt22.jpg HTTP/1.1" 200 1669
57.129.16.41 - - [30/Jan/2025:11:56:17 +0200] "HEAD /public/img/games/tg13.jpg HTTP/1.1" 200 -
205.169.39.3 - - [30/Jan/2025:11:56:17 +0200] "GET /themeforest-CVf80rlA-sportodds-sports-betting-website-react-next-js-template.zip HTTP/1.1" 200 4676908
57.129.16.41 - - [30/Jan/2025:11:56:17 +0200] "GET /public/img/games/tg13.jpg HTTP/1.1" 200 1669
51.89.167.1 - - [30/Jan/2025:11:56:17 +0200] "HEAD /public/img/games/tt23%20-%20Copy.jpg HTTP/1.1" 200 -
51.89.167.1 - - [30/Jan/2025:11:56:17 +0200] "GET /public/img/games/tt23%20-%20Copy.jpg HTTP/1.1" 200 1669
57.129.16.41 - - [30/Jan/2025:11:56:17 +0200] "HEAD /public/img/games/tg14.jpg HTTP/1.1" 200 -
57.129.16.41 - - [30/Jan/2025:11:56:17 +0200] "GET /public/img/games/tg14.jpg HTTP/1.1" 200 1669
51.89.167.1 - - [30/Jan/2025:11:56:17 +0200] "HEAD /public/img/games/tt23.jpg HTTP/1.1" 200 -
51.89.167.1 - - [30/Jan/2025:11:56:17 +0200] "GET /public/img/games/tt23.jpg HTTP/1.1" 200 1669
57.129.16.41 - - [30/Jan/2025:11:56:17 +0200] "HEAD /public/img/games/tg15.jpg HTTP/1.1" 200 -
57.129.16.41 - - [30/Jan/2025:11:56:17 +0200] "GET /public/img/games/tg15.jpg HTTP/1.1" 200 1669
51.89.167.1 - - [30/Jan/2025:11:56:17 +0200] "HEAD /public/img/games/tt24%20-%20Copy.jpg HTTP/1.1" 200 -
51.89.167.1 - - [30/Jan/2025:11:56:17 +0200] "GET /public/img/games/tt24%20-%20Copy.jpg HTTP/1.1" 200 1669
51.89.167.1 - - [30/Jan/2025:11:56:17 +0200] "HEAD /public/img/games/tt24.jpg HTTP/1.1" 200 -
57.129.16.41 - - [30/Jan/2025:11:56:17 +0200] "HEAD /public/img/games/tg16.jpg HTTP/1.1" 200 -
51.89.167.1 - - [30/Jan/2025:11:56:17 +0200] "GET /public/img/leftmenu/ HTTP/1.1" 200 1443
51.89.167.1 - - [30/Jan/2025:11:56:17 +0200] "GET /public/img/games/tt24.jpg HTTP/1.1" 200 1669
57.129.16.41 - - [30/Jan/2025:11:56:17 +0200] "GET /public/img/games/tg16.jpg HTTP/1.1" 200 1669
51.89.167.1 - - [30/Jan/2025:11:56:17 +0200] "HEAD /public/img/leftmenu/cup.png HTTP/1.1" 200 -
57.129.16.41 - - [30/Jan/2025:11:56:18 +0200] "HEAD /public/img/games/tg17.jpg HTTP/1.1" 200 -
51.89.167.1 - - [30/Jan/2025:11:56:18 +0200] "GET /public/img/leftmenu/cup.png HTTP/1.1" 200 1043
57.129.16.41 - - [30/Jan/2025:11:56:18 +0200] "GET /public/img/games/tg17.jpg HTTP/1.1" 200 1669
51.89.167.1 - - [30/Jan/2025:11:56:18 +0200] "HEAD /public/img/leftmenu/europ.png HTTP/1.1" 200 -
57.129.16.41 - - [30/Jan/2025:11:56:18 +0200] "HEAD /public/img/games/tg18.jpg HTTP/1.1" 200 -
51.89.167.1 - - [30/Jan/2025:11:56:18 +0200] "GET /public/img/leftmenu/europ.png HTTP/1.1" 200 1305
57.129.16.41 - - [30/Jan/2025:11:56:18 +0200] "GET /public/img/games/tg18.jpg HTTP/1.1" 200 1669
51.89.167.1 - - [30/Jan/2025:11:56:18 +0200] "HEAD /public/img/leftmenu/start.png HTTP/1.1" 200 -
51.89.167.1 - - [30/Jan/2025:11:56:18 +0200] "GET /public/img/logo/ HTTP/1.1" 200 1443
57.129.16.41 - - [30/Jan/2025:11:56:18 +0200] "HEAD /public/img/games/tg19.jpg HTTP/1.1" 200 -
51.89.167.1 - - [30/Jan/2025:11:56:18 +0200] "GET /public/img/leftmenu/start.png HTTP/1.1" 200 891
57.129.16.41 - - [30/Jan/2025:11:56:18 +0200] "GET /public/img/games/tg19.jpg HTTP/1.1" 200 1669
51.89.167.1 - - [30/Jan/2025:11:56:18 +0200] "HEAD /public/img/logo/favicon.png HTTP/1.1" 200 -
57.129.16.41 - - [30/Jan/2025:11:56:18 +0200] "HEAD /public/img/games/tg20.jpg HTTP/1.1" 200 -
51.89.167.1 - - [30/Jan/2025:11:56:18 +0200] "GET /public/img/logo/favicon.png HTTP/1.1" 200 1579
57.129.16.41 - - [30/Jan/2025:11:56:18 +0200] "GET /public/img/games/tg20.jpg HTTP/1.1" 200 1669
51.89.167.1 - - [30/Jan/2025:11:56:18 +0200] "HEAD /public/img/logo/footerlogo.png HTTP/1.1" 200 -
51.89.167.1 - - [30/Jan/2025:11:56:18 +0200] "GET /public/img/logo/footerlogo.png HTTP/1.1" 200 3435
57.129.16.41 - - [30/Jan/2025:11:56:18 +0200] "HEAD /public/img/games/tt1.jpg HTTP/1.1" 200 -
57.129.16.41 - - [30/Jan/2025:11:56:18 +0200] "GET /public/img/games/tt1.jpg HTTP/1.1" 200 1669
51.89.167.1 - - [30/Jan/2025:11:56:18 +0200] "HEAD /public/img/logo/logo.png HTTP/1.1" 200 -
51.89.167.1 - - [30/Jan/2025:11:56:18 +0200] "GET /public/img/matchfixing/ HTTP/1.1" 200 3582
51.89.167.1 - - [30/Jan/2025:11:56:19 +0200] "GET /public/img/logo/logo.png HTTP/1.1" 200 3136
57.129.16.41 - - [30/Jan/2025:11:56:19 +0200] "HEAD /public/img/games/tt2.jpg HTTP/1.1" 200 -
57.129.16.41 - - [30/Jan/2025:11:56:19 +0200] "GET /public/img/games/tt2.jpg HTTP/1.1" 200 1669
51.89.167.1 - - [30/Jan/2025:11:56:19 +0200] "HEAD /public/img/matchfixing/aris.png HTTP/1.1" 200 -
51.89.167.1 - - [30/Jan/2025:11:56:19 +0200] "GET /public/img/matchfixing/aris.png HTTP/1.1" 200 209
57.129.16.41 - - [30/Jan/2025:11:56:19 +0200] "HEAD /public/img/games/tt3.jpg HTTP/1.1" 200 -
51.89.167.1 - - [30/Jan/2025:11:56:19 +0200] "HEAD /public/img/matchfixing/arjentina.png HTTP/1.1" 200 -
57.129.16.41 - - [30/Jan/2025:11:56:19 +0200] "GET /public/img/games/tt3.jpg HTTP/1.1" 200 1669
51.89.167.1 - - [30/Jan/2025:11:56:19 +0200] "GET /public/img/matchfixing/arjentina.png HTTP/1.1" 200 207
57.129.16.41 - - [30/Jan/2025:11:56:19 +0200] "HEAD /public/img/games/tt4.jpg HTTP/1.1" 200 -
51.89.167.1 - - [30/Jan/2025:11:56:19 +0200] "HEAD /public/img/matchfixing/aus.png HTTP/1.1" 200 -
57.129.16.41 - - [30/Jan/2025:11:56:19 +0200] "GET /public/img/games/tt4.jpg HTTP/1.1" 200 1669
51.89.167.1 - - [30/Jan/2025:11:56:19 +0200] "GET /public/img/matchfixing/aus.png HTTP/1.1" 200 209
51.89.167.1 - - [30/Jan/2025:11:56:19 +0200] "HEAD /public/img/matchfixing/denmark.png HTTP/1.1" 200 -
57.129.16.41 - - [30/Jan/2025:11:56:19 +0200] "HEAD /public/img/games/tt5.jpg HTTP/1.1" 200 -
51.89.167.1 - - [30/Jan/2025:11:56:19 +0200] "GET /public/img/matchfixing/denmark.png HTTP/1.1" 200 207
57.129.16.41 - - [30/Jan/2025:11:56:19 +0200] "GET /public/img/games/tt5.jpg HTTP/1.1" 200 1669
51.89.167.1 - - [30/Jan/2025:11:56:20 +0200] "HEAD /public/img/matchfixing/farense.png HTTP/1.1" 200 -
57.129.16.41 - - [30/Jan/2025:11:56:20 +0200] "HEAD /public/img/games/tt6.jpg HTTP/1.1" 200 -
51.89.167.1 - - [30/Jan/2025:11:56:20 +0200] "GET /public/img/matchfixing/farense.png HTTP/1.1" 200 207
57.129.16.41 - - [30/Jan/2025:11:56:20 +0200] "GET /public/img/games/tt6.jpg HTTP/1.1" 200 1669
51.89.167.1 - - [30/Jan/2025:11:56:20 +0200] "HEAD /public/img/matchfixing/france.png HTTP/1.1" 200 -
57.129.16.41 - - [30/Jan/2025:11:56:20 +0200] "HEAD /public/img/games/tt7.jpg HTTP/1.1" 200 -
51.89.167.1 - - [30/Jan/2025:11:56:20 +0200] "GET /public/img/matchfixing/france.png HTTP/1.1" 200 207
57.129.16.41 - - [30/Jan/2025:11:56:20 +0200] "GET /public/img/games/tt7.jpg HTTP/1.1" 200 1669
51.89.167.1 - - [30/Jan/2025:11:56:20 +0200] "HEAD /public/img/matchfixing/fujian.png HTTP/1.1" 200 -
57.129.16.41 - - [30/Jan/2025:11:56:20 +0200] "HEAD /public/img/games/tt8.jpg HTTP/1.1" 200 -
51.89.167.1 - - [30/Jan/2025:11:56:20 +0200] "GET /public/img/matchfixing/fujian.png HTTP/1.1" 200 207
57.129.16.41 - - [30/Jan/2025:11:56:20 +0200] "GET /public/img/games/tt8.jpg HTTP/1.1" 200 1669
51.89.167.1 - - [30/Jan/2025:11:56:20 +0200] "HEAD /public/img/matchfixing/gs.png HTTP/1.1" 200 -
51.89.167.1 - - [30/Jan/2025:11:56:20 +0200] "GET /public/img/matchfixing/gs.png HTTP/1.1" 200 207
57.129.16.41 - - [30/Jan/2025:11:56:20 +0200] "HEAD /public/img/games/tt9.jpg HTTP/1.1" 200 -
57.129.16.41 - - [30/Jan/2025:11:56:20 +0200] "GET /public/img/games/tt9.jpg HTTP/1.1" 200 1669
51.89.167.1 - - [30/Jan/2025:11:56:20 +0200] "HEAD /public/img/matchfixing/maxico.png HTTP/1.1" 200 -
51.89.167.1 - - [30/Jan/2025:11:56:20 +0200] "GET /public/img/matchfixing/maxico.png HTTP/1.1" 200 207
57.129.16.41 - - [30/Jan/2025:11:56:20 +0200] "HEAD /public/img/games/tt10.jpg HTTP/1.1" 200 -
57.129.16.41 - - [30/Jan/2025:11:56:20 +0200] "GET /public/img/games/tt10.jpg HTTP/1.1" 200 1669
51.89.167.1 - - [30/Jan/2025:11:56:21 +0200] "HEAD /public/img/matchfixing/oviedo.png HTTP/1.1" 200 -
51.89.167.1 - - [30/Jan/2025:11:56:21 +0200] "GET /public/img/matchfixing/oviedo.png HTTP/1.1" 200 207
57.129.16.41 - - [30/Jan/2025:11:56:21 +0200] "HEAD /public/img/games/tt11.jpg HTTP/1.1" 200 -
57.129.16.41 - - [30/Jan/2025:11:56:21 +0200] "GET /public/img/games/tt11.jpg HTTP/1.1" 200 1669
51.89.167.1 - - [30/Jan/2025:11:56:21 +0200] "HEAD /public/img/matchfixing/poland.png HTTP/1.1" 200 -
51.89.167.1 - - [30/Jan/2025:11:56:21 +0200] "GET /public/img/matchfixing/poland.png HTTP/1.1" 200 207
57.129.16.41 - - [30/Jan/2025:11:56:21 +0200] "HEAD /public/img/games/tt12.jpg HTTP/1.1" 200 -
57.129.16.41 - - [30/Jan/2025:11:56:21 +0200] "GET /public/img/games/tt12.jpg HTTP/1.1" 200 1669
51.89.167.1 - - [30/Jan/2025:11:56:21 +0200] "HEAD /public/img/matchfixing/tenerif.png HTTP/1.1" 200 -
51.89.167.1 - - [30/Jan/2025:11:56:21 +0200] "GET /public/img/matchfixing/tenerif.png HTTP/1.1" 200 207
57.129.16.41 - - [30/Jan/2025:11:56:21 +0200] "HEAD /public/img/games/tt14.jpg HTTP/1.1" 200 -
57.129.16.41 - - [30/Jan/2025:11:56:21 +0200] "GET /public/img/games/tt14.jpg HTTP/1.1" 200 1669
51.89.167.1 - - [30/Jan/2025:11:56:21 +0200] "HEAD /public/img/matchfixing/tunisia.png HTTP/1.1" 200 -
51.89.167.1 - - [30/Jan/2025:11:56:21 +0200] "GET /public/img/modal/ HTTP/1.1" 200 1226
51.89.167.1 - - [30/Jan/2025:11:56:21 +0200] "GET /public/img/matchfixing/tunisia.png HTTP/1.1" 200 209
57.129.16.41 - - [30/Jan/2025:11:56:21 +0200] "HEAD /public/img/games/tt15.jpg HTTP/1.1" 200 -
57.129.16.41 - - [30/Jan/2025:11:56:21 +0200] "GET /public/img/games/tt15.jpg HTTP/1.1" 200 1669
51.89.167.1 - - [30/Jan/2025:11:56:21 +0200] "HEAD /public/img/modal/cros.png HTTP/1.1" 200 -
51.89.167.1 - - [30/Jan/2025:11:56:21 +0200] "GET /public/img/modal/cros.png HTTP/1.1" 200 264
57.129.16.41 - - [30/Jan/2025:11:56:21 +0200] "HEAD /public/img/games/tt16.jpg HTTP/1.1" 200 -
57.129.16.41 - - [30/Jan/2025:11:56:21 +0200] "GET /public/img/games/tt16.jpg HTTP/1.1" 200 1669
51.89.167.1 - - [30/Jan/2025:11:56:22 +0200] "HEAD /public/img/modal/modal.png HTTP/1.1" 200 -
51.89.167.1 - - [30/Jan/2025:11:56:22 +0200] "GET /public/img/profile/ HTTP/1.1" 200 7416
51.89.167.1 - - [30/Jan/2025:11:56:22 +0200] "GET /public/img/modal/modal.png HTTP/1.1" 200 162254
57.129.16.41 - - [30/Jan/2025:11:56:22 +0200] "HEAD /public/img/games/tt17.jpg HTTP/1.1" 200 -
57.129.16.41 - - [30/Jan/2025:11:56:22 +0200] "GET /public/img/games/tt17.jpg HTTP/1.1" 200 1669
51.89.167.1 - - [30/Jan/2025:11:56:22 +0200] "HEAD /public/img/profile/bitcoin.png HTTP/1.1" 200 -
57.129.16.41 - - [30/Jan/2025:11:56:22 +0200] "HEAD /public/img/games/tt18.jpg HTTP/1.1" 200 -
51.89.167.1 - - [30/Jan/2025:11:56:22 +0200] "GET /public/img/profile/bitcoin.png HTTP/1.1" 200 562
57.129.16.41 - - [30/Jan/2025:11:56:22 +0200] "GET /public/img/games/tt18.jpg HTTP/1.1" 200 1669
51.89.167.1 - - [30/Jan/2025:11:56:22 +0200] "HEAD /public/img/profile/bonus1.jpg HTTP/1.1" 200 -
57.129.16.41 - - [30/Jan/2025:11:56:22 +0200] "HEAD /public/img/games/tt19.jpg HTTP/1.1" 200 -
51.89.167.1 - - [30/Jan/2025:11:56:22 +0200] "GET /public/img/profile/bonus1.jpg HTTP/1.1" 200 1042
57.129.16.41 - - [30/Jan/2025:11:56:22 +0200] "GET /public/img/games/tt19.jpg HTTP/1.1" 200 1669
51.89.167.1 - - [30/Jan/2025:11:56:22 +0200] "HEAD /public/img/profile/bonus2.jpg HTTP/1.1" 200 -
51.89.167.1 - - [30/Jan/2025:11:56:22 +0200] "GET /public/img/profile/bonus2.jpg HTTP/1.1" 200 1042
57.129.16.41 - - [30/Jan/2025:11:56:22 +0200] "HEAD /public/img/games/tt20%20-%20Copy.jpg HTTP/1.1" 200 -
57.129.16.41 - - [30/Jan/2025:11:56:22 +0200] "GET /public/img/games/tt20%20-%20Copy.jpg HTTP/1.1" 200 1669
51.89.167.1 - - [30/Jan/2025:11:56:22 +0200] "HEAD /public/img/profile/bonus3.jpg HTTP/1.1" 200 -
51.89.167.1 - - [30/Jan/2025:11:56:22 +0200] "GET /public/img/profile/bonus3.jpg HTTP/1.1" 200 1042
57.129.16.41 - - [30/Jan/2025:11:56:23 +0200] "HEAD /public/img/games/tt20.jpg HTTP/1.1" 200 -
57.129.16.41 - - [30/Jan/2025:11:56:23 +0200] "GET /public/img/games/tt20.jpg HTTP/1.1" 200 1669
51.89.167.1 - - [30/Jan/2025:11:56:23 +0200] "HEAD /public/img/profile/bonus4.jpg HTTP/1.1" 200 -
51.89.167.1 - - [30/Jan/2025:11:56:23 +0200] "GET /public/img/profile/bonus4.jpg HTTP/1.1" 200 1042
57.129.16.41 - - [30/Jan/2025:11:56:23 +0200] "HEAD /public/img/games/tt21%20-%20Copy.jpg HTTP/1.1" 200 -
57.129.16.41 - - [30/Jan/2025:11:56:23 +0200] "GET /public/img/games/tt21%20-%20Copy.jpg HTTP/1.1" 200 1669
51.89.167.1 - - [30/Jan/2025:11:56:23 +0200] "HEAD /public/img/profile/bvisa.png HTTP/1.1" 200 -
51.89.167.1 - - [30/Jan/2025:11:56:23 +0200] "GET /public/img/profile/bvisa.png HTTP/1.1" 200 614
57.129.16.41 - - [30/Jan/2025:11:56:23 +0200] "HEAD /public/img/games/tt21.jpg HTTP/1.1" 200 -
57.129.16.41 - - [30/Jan/2025:11:56:23 +0200] "GET /public/img/games/tt21.jpg HTTP/1.1" 200 1669
51.89.167.1 - - [30/Jan/2025:11:56:23 +0200] "HEAD /public/img/profile/coins.png HTTP/1.1" 200 -
51.89.167.1 - - [30/Jan/2025:11:56:23 +0200] "GET /public/img/profile/coins.png HTTP/1.1" 200 589
57.129.16.41 - - [30/Jan/2025:11:56:23 +0200] "HEAD /public/img/games/tt22.jpg HTTP/1.1" 200 -
57.129.16.41 - - [30/Jan/2025:11:56:23 +0200] "GET /public/img/games/tt22.jpg HTTP/1.1" 200 1669
51.89.167.1 - - [30/Jan/2025:11:56:23 +0200] "HEAD /public/img/profile/dots.png HTTP/1.1" 200 -
51.89.167.1 - - [30/Jan/2025:11:56:23 +0200] "GET /public/img/profile/dots.png HTTP/1.1" 200 207
57.129.16.41 - - [30/Jan/2025:11:56:23 +0200] "HEAD /public/img/games/tt23%20-%20Copy.jpg HTTP/1.1" 200 -
57.129.16.41 - - [30/Jan/2025:11:56:23 +0200] "GET /public/img/games/tt23%20-%20Copy.jpg HTTP/1.1" 200 1669
51.89.167.1 - - [30/Jan/2025:11:56:23 +0200] "HEAD /public/img/profile/facebook.png HTTP/1.1" 200 -
51.89.167.1 - - [30/Jan/2025:11:56:24 +0200] "GET /public/img/profile/facebook.png HTTP/1.1" 200 326
57.129.16.41 - - [30/Jan/2025:11:56:24 +0200] "HEAD /public/img/games/tt23.jpg HTTP/1.1" 200 -
51.89.167.1 - - [30/Jan/2025:11:56:24 +0200] "HEAD /public/img/profile/goggle.png HTTP/1.1" 200 -
57.129.16.41 - - [30/Jan/2025:11:56:24 +0200] "GET /public/img/games/tt23.jpg HTTP/1.1" 200 1669
51.89.167.1 - - [30/Jan/2025:11:56:24 +0200] "GET /public/img/profile/goggle.png HTTP/1.1" 200 533
57.129.16.41 - - [30/Jan/2025:11:56:24 +0200] "HEAD /public/img/games/tt24%20-%20Copy.jpg HTTP/1.1" 200 -
57.129.16.41 - - [30/Jan/2025:11:56:24 +0200] "GET /public/img/games/tt24%20-%20Copy.jpg HTTP/1.1" 200 1669
51.89.167.1 - - [30/Jan/2025:11:56:24 +0200] "HEAD /public/img/profile/inovarav.png HTTP/1.1" 200 -
51.89.167.1 - - [30/Jan/2025:11:56:24 +0200] "GET /public/img/profile/inovarav.png HTTP/1.1" 200 562
57.129.16.41 - - [30/Jan/2025:11:56:24 +0200] "HEAD /public/img/games/tt24.jpg HTTP/1.1" 200 -
57.129.16.41 - - [30/Jan/2025:11:56:24 +0200] "GET /public/img/leftmenu/ HTTP/1.1" 200 1443
51.89.167.1 - - [30/Jan/2025:11:56:24 +0200] "HEAD /public/img/profile/much.png HTTP/1.1" 200 -
57.129.16.41 - - [30/Jan/2025:11:56:24 +0200] "GET /public/img/games/tt24.jpg HTTP/1.1" 200 1669
51.89.167.1 - - [30/Jan/2025:11:56:24 +0200] "GET /public/img/profile/much.png HTTP/1.1" 200 589
57.129.16.41 - - [30/Jan/2025:11:56:24 +0200] "HEAD /public/img/leftmenu/cup.png HTTP/1.1" 200 -
57.129.16.41 - - [30/Jan/2025:11:56:24 +0200] "GET /public/img/leftmenu/cup.png HTTP/1.1" 200 1043
51.89.167.1 - - [30/Jan/2025:11:56:24 +0200] "HEAD /public/img/profile/neteller.png HTTP/1.1" 200 -
51.89.167.1 - - [30/Jan/2025:11:56:24 +0200] "GET /public/img/profile/neteller.png HTTP/1.1" 200 562
57.129.16.41 - - [30/Jan/2025:11:56:24 +0200] "HEAD /public/img/leftmenu/europ.png HTTP/1.1" 200 -
57.129.16.41 - - [30/Jan/2025:11:56:25 +0200] "GET /public/img/leftmenu/europ.png HTTP/1.1" 200 1305
51.89.167.1 - - [30/Jan/2025:11:56:25 +0200] "HEAD /public/img/profile/paypal.png HTTP/1.1" 200 -
51.89.167.1 - - [30/Jan/2025:11:56:25 +0200] "GET /public/img/profile/paypal.png HTTP/1.1" 200 562
57.129.16.41 - - [30/Jan/2025:11:56:25 +0200] "HEAD /public/img/leftmenu/start.png HTTP/1.1" 200 -
57.129.16.41 - - [30/Jan/2025:11:56:25 +0200] "GET /public/img/logo/ HTTP/1.1" 200 1443
57.129.16.41 - - [30/Jan/2025:11:56:25 +0200] "GET /public/img/leftmenu/start.png HTTP/1.1" 200 891
51.89.167.1 - - [30/Jan/2025:11:56:25 +0200] "HEAD /public/img/profile/phonerpe.png HTTP/1.1" 200 -
51.89.167.1 - - [30/Jan/2025:11:56:25 +0200] "GET /public/img/profile/phonerpe.png HTTP/1.1" 200 589
57.129.16.41 - - [30/Jan/2025:11:56:25 +0200] "HEAD /public/img/logo/favicon.png HTTP/1.1" 200 -
51.89.167.1 - - [30/Jan/2025:11:56:25 +0200] "HEAD /public/img/profile/plus.png HTTP/1.1" 200 -
57.129.16.41 - - [30/Jan/2025:11:56:25 +0200] "GET /public/img/logo/favicon.png HTTP/1.1" 200 1579
51.89.167.1 - - [30/Jan/2025:11:56:25 +0200] "GET /public/img/profile/plus.png HTTP/1.1" 200 565
57.129.16.41 - - [30/Jan/2025:11:56:25 +0200] "HEAD /public/img/logo/footerlogo.png HTTP/1.1" 200 -
51.89.167.1 - - [30/Jan/2025:11:56:25 +0200] "HEAD /public/img/profile/profile.png HTTP/1.1" 200 -
57.129.16.41 - - [30/Jan/2025:11:56:25 +0200] "GET /public/img/logo/footerlogo.png HTTP/1.1" 200 3435
51.89.167.1 - - [30/Jan/2025:11:56:25 +0200] "GET /public/img/profile/profile.png HTTP/1.1" 200 430
57.129.16.41 - - [30/Jan/2025:11:56:25 +0200] "HEAD /public/img/logo/logo.png HTTP/1.1" 200 -
51.89.167.1 - - [30/Jan/2025:11:56:25 +0200] "HEAD /public/img/profile/promo1.jpg HTTP/1.1" 200 -
57.129.16.41 - - [30/Jan/2025:11:56:25 +0200] "GET /public/img/matchfixing/ HTTP/1.1" 200 3582
57.129.16.41 - - [30/Jan/2025:11:56:25 +0200] "GET /public/img/logo/logo.png HTTP/1.1" 200 3136
51.89.167.1 - - [30/Jan/2025:11:56:25 +0200] "GET /public/img/profile/promo1.jpg HTTP/1.1" 200 1358
57.129.16.41 - - [30/Jan/2025:11:56:26 +0200] "HEAD /public/img/matchfixing/aris.png HTTP/1.1" 200 -
51.89.167.1 - - [30/Jan/2025:11:56:26 +0200] "HEAD /public/img/profile/promo2.jpg HTTP/1.1" 200 -
51.89.167.1 - - [30/Jan/2025:11:56:26 +0200] "GET /public/img/profile/promo2.jpg HTTP/1.1" 200 1358
57.129.16.41 - - [30/Jan/2025:11:56:26 +0200] "GET /public/img/matchfixing/aris.png HTTP/1.1" 200 209
205.169.39.16 - - [30/Jan/2025:11:56:26 +0200] "HEAD /themeforest-CVf80rlA-sportodds-sports-betting-website-react-next-js-template.zip HTTP/1.1" 200 -
51.89.167.1 - - [30/Jan/2025:11:56:26 +0200] "HEAD /public/img/profile/promo3.jpg HTTP/1.1" 200 -
57.129.16.41 - - [30/Jan/2025:11:56:26 +0200] "HEAD /public/img/matchfixing/arjentina.png HTTP/1.1" 200 -
51.89.167.1 - - [30/Jan/2025:11:56:26 +0200] "GET /public/img/profile/promo3.jpg HTTP/1.1" 200 1358
57.129.16.41 - - [30/Jan/2025:11:56:26 +0200] "GET /public/img/matchfixing/arjentina.png HTTP/1.1" 200 207
51.89.167.1 - - [30/Jan/2025:11:56:26 +0200] "HEAD /public/img/profile/skrill.png HTTP/1.1" 200 -
57.129.16.41 - - [30/Jan/2025:11:56:26 +0200] "HEAD /public/img/matchfixing/aus.png HTTP/1.1" 200 -
51.89.167.1 - - [30/Jan/2025:11:56:26 +0200] "GET /public/img/profile/skrill.png HTTP/1.1" 200 589
205.169.39.16 - - [30/Jan/2025:11:56:26 +0200] "GET /themeforest-CVf80rlA-sportodds-sports-betting-website-react-next-js-template.zip HTTP/1.1" 200 4676908
57.129.16.41 - - [30/Jan/2025:11:56:26 +0200] "GET /public/img/matchfixing/aus.png HTTP/1.1" 200 209
51.89.167.1 - - [30/Jan/2025:11:56:26 +0200] "HEAD /public/img/profile/steam.png HTTP/1.1" 200 -
51.89.167.1 - - [30/Jan/2025:11:56:26 +0200] "GET /public/img/profile/steam.png HTTP/1.1" 200 851
57.129.16.41 - - [30/Jan/2025:11:56:26 +0200] "HEAD /public/img/matchfixing/denmark.png HTTP/1.1" 200 -
57.129.16.41 - - [30/Jan/2025:11:56:26 +0200] "GET /public/img/matchfixing/denmark.png HTTP/1.1" 200 207
51.89.167.1 - - [30/Jan/2025:11:56:26 +0200] "HEAD /public/img/profile/twitch.png HTTP/1.1" 200 -
51.89.167.1 - - [30/Jan/2025:11:56:26 +0200] "GET /public/img/profile/twitch.png HTTP/1.1" 200 6144
57.129.16.41 - - [30/Jan/2025:11:56:26 +0200] "HEAD /public/img/matchfixing/farense.png HTTP/1.1" 200 -
57.129.16.41 - - [30/Jan/2025:11:56:26 +0200] "GET /public/img/matchfixing/farense.png HTTP/1.1" 200 207
51.89.167.1 - - [30/Jan/2025:11:56:27 +0200] "HEAD /public/img/profile/twitter.png HTTP/1.1" 200 -
51.89.167.1 - - [30/Jan/2025:11:56:27 +0200] "GET /public/img/profile/twitter.png HTTP/1.1" 200 514
57.129.16.41 - - [30/Jan/2025:11:56:27 +0200] "HEAD /public/img/matchfixing/france.png HTTP/1.1" 200 -
57.129.16.41 - - [30/Jan/2025:11:56:27 +0200] "GET /public/img/matchfixing/france.png HTTP/1.1" 200 207
51.89.167.1 - - [30/Jan/2025:11:56:27 +0200] "HEAD /public/img/profile/visa.png HTTP/1.1" 200 -
51.89.167.1 - - [30/Jan/2025:11:56:27 +0200] "GET /public/img/profile/visa.png HTTP/1.1" 200 589
57.129.16.41 - - [30/Jan/2025:11:56:27 +0200] "HEAD /public/img/matchfixing/fujian.png HTTP/1.1" 200 -
57.129.16.41 - - [30/Jan/2025:11:56:27 +0200] "GET /public/img/matchfixing/fujian.png HTTP/1.1" 200 207
51.89.167.1 - - [30/Jan/2025:11:56:27 +0200] "HEAD /public/img/profile/visap.png HTTP/1.1" 200 -
51.89.167.1 - - [30/Jan/2025:11:56:27 +0200] "GET /public/img/profile/visap.png HTTP/1.1" 200 1705
57.129.16.41 - - [30/Jan/2025:11:56:27 +0200] "HEAD /public/img/matchfixing/gs.png HTTP/1.1" 200 -
57.129.16.41 - - [30/Jan/2025:11:56:27 +0200] "GET /public/img/matchfixing/gs.png HTTP/1.1" 200 207
51.89.167.1 - - [30/Jan/2025:11:56:27 +0200] "HEAD /public/img/profile/visas.png HTTP/1.1" 200 -
51.89.167.1 - - [30/Jan/2025:11:56:27 +0200] "GET /public/img/profile/visas.png HTTP/1.1" 200 589
57.129.16.41 - - [30/Jan/2025:11:56:27 +0200] "HEAD /public/img/matchfixing/maxico.png HTTP/1.1" 200 -
57.129.16.41 - - [30/Jan/2025:11:56:27 +0200] "GET /public/img/matchfixing/maxico.png HTTP/1.1" 200 207
51.89.167.1 - - [30/Jan/2025:11:56:27 +0200] "HEAD /public/img/profile/visatranparent.png HTTP/1.1" 200 -
51.89.167.1 - - [30/Jan/2025:11:56:27 +0200] "GET /public/img/profile/visatranparent.png HTTP/1.1" 200 1705
57.129.16.41 - - [30/Jan/2025:11:56:27 +0200] "HEAD /public/img/matchfixing/oviedo.png HTTP/1.1" 200 -
57.129.16.41 - - [30/Jan/2025:11:56:28 +0200] "GET /public/img/matchfixing/oviedo.png HTTP/1.1" 200 207
51.89.167.1 - - [30/Jan/2025:11:56:28 +0200] "HEAD /public/img/profile/vkonta.png HTTP/1.1" 200 -
51.89.167.1 - - [30/Jan/2025:11:56:28 +0200] "GET /public/img/profile/vkonta.png HTTP/1.1" 200 591
57.129.16.41 - - [30/Jan/2025:11:56:28 +0200] "HEAD /public/img/matchfixing/poland.png HTTP/1.1" 200 -
51.89.167.1 - - [30/Jan/2025:11:56:28 +0200] "HEAD /public/img/profile/webpay.png HTTP/1.1" 200 -
57.129.16.41 - - [30/Jan/2025:11:56:28 +0200] "GET /public/img/matchfixing/poland.png HTTP/1.1" 200 207
51.89.167.1 - - [30/Jan/2025:11:56:28 +0200] "GET /public/img/profile/webpay.png HTTP/1.1" 200 589
57.129.16.41 - - [30/Jan/2025:11:56:28 +0200] "HEAD /public/img/matchfixing/tenerif.png HTTP/1.1" 200 -
57.129.16.41 - - [30/Jan/2025:11:56:28 +0200] "GET /public/img/matchfixing/tenerif.png HTTP/1.1" 200 207
51.89.167.1 - - [30/Jan/2025:11:56:28 +0200] "HEAD /public/img/profile/yandex.png HTTP/1.1" 200 -
51.89.167.1 - - [30/Jan/2025:11:56:28 +0200] "GET /public/img/profile/yandex.png HTTP/1.1" 200 589
51.89.167.1 - - [30/Jan/2025:11:56:28 +0200] "GET /public/img/sponsor/ HTTP/1.1" 200 3742
57.129.16.41 - - [30/Jan/2025:11:56:28 +0200] "HEAD /public/img/matchfixing/tunisia.png HTTP/1.1" 200 -
57.129.16.41 - - [30/Jan/2025:11:56:28 +0200] "GET /public/img/modal/ HTTP/1.1" 200 1226
51.89.167.1 - - [30/Jan/2025:11:56:28 +0200] "HEAD /public/img/sponsor/Vector.png HTTP/1.1" 200 -
57.129.16.41 - - [30/Jan/2025:11:56:28 +0200] "GET /public/img/matchfixing/tunisia.png HTTP/1.1" 200 209
51.89.167.1 - - [30/Jan/2025:11:56:28 +0200] "GET /public/img/sponsor/Vector.png HTTP/1.1" 200 166
57.129.16.41 - - [30/Jan/2025:11:56:28 +0200] "HEAD /public/img/modal/cros.png HTTP/1.1" 200 -
51.89.167.1 - - [30/Jan/2025:11:56:28 +0200] "HEAD /public/img/sponsor/s1.png HTTP/1.1" 200 -
57.129.16.41 - - [30/Jan/2025:11:56:28 +0200] "GET /public/img/modal/cros.png HTTP/1.1" 200 264
51.89.167.1 - - [30/Jan/2025:11:56:28 +0200] "GET /public/img/sponsor/s1.png HTTP/1.1" 200 463
57.129.16.41 - - [30/Jan/2025:11:56:29 +0200] "HEAD /public/img/modal/modal.png HTTP/1.1" 200 -
57.129.16.41 - - [30/Jan/2025:11:56:29 +0200] "GET /public/img/profile/ HTTP/1.1" 200 7416
205.169.39.5 - - [30/Jan/2025:11:56:29 +0200] "HEAD /22cazino.bat HTTP/1.1" 200 -
51.89.167.1 - - [30/Jan/2025:11:56:29 +0200] "HEAD /public/img/sponsor/s3.png HTTP/1.1" 200 -
57.129.16.41 - - [30/Jan/2025:11:56:29 +0200] "GET /public/img/modal/modal.png HTTP/1.1" 200 162254
51.89.167.1 - - [30/Jan/2025:11:56:29 +0200] "GET /public/img/sponsor/s3.png HTTP/1.1" 200 445
51.89.167.1 - - [30/Jan/2025:11:56:29 +0200] "HEAD /public/img/sponsor/s4.png HTTP/1.1" 200 -
51.89.167.1 - - [30/Jan/2025:11:56:29 +0200] "GET /public/img/sponsor/s4.png HTTP/1.1" 200 262
205.169.39.5 - - [30/Jan/2025:11:56:29 +0200] "GET /22cazino.bat HTTP/1.1" 200 110
57.129.16.41 - - [30/Jan/2025:11:56:29 +0200] "HEAD /public/img/profile/bitcoin.png HTTP/1.1" 200 -
51.89.167.1 - - [30/Jan/2025:11:56:29 +0200] "HEAD /public/img/sponsor/s5.png HTTP/1.1" 200 -
57.129.16.41 - - [30/Jan/2025:11:56:29 +0200] "GET /public/img/profile/bitcoin.png HTTP/1.1" 200 562
51.89.167.1 - - [30/Jan/2025:11:56:29 +0200] "GET /public/img/sponsor/s5.png HTTP/1.1" 200 721
57.129.16.41 - - [30/Jan/2025:11:56:29 +0200] "HEAD /public/img/profile/bonus1.jpg HTTP/1.1" 200 -
57.129.16.41 - - [30/Jan/2025:11:56:29 +0200] "GET /public/img/profile/bonus1.jpg HTTP/1.1" 200 1042
51.89.167.1 - - [30/Jan/2025:11:56:29 +0200] "HEAD /public/img/sponsor/s6.png HTTP/1.1" 200 -
51.89.167.1 - - [30/Jan/2025:11:56:29 +0200] "GET /public/img/sponsor/s6.png HTTP/1.1" 200 480
57.129.16.41 - - [30/Jan/2025:11:56:29 +0200] "HEAD /public/img/profile/bonus2.jpg HTTP/1.1" 200 -
51.89.167.1 - - [30/Jan/2025:11:56:29 +0200] "HEAD /public/img/sponsor/s7.png HTTP/1.1" 200 -
57.129.16.41 - - [30/Jan/2025:11:56:29 +0200] "GET /public/img/profile/bonus2.jpg HTTP/1.1" 200 1042
51.89.167.1 - - [30/Jan/2025:11:56:29 +0200] "GET /public/img/sponsor/s7.png HTTP/1.1" 200 757
57.129.16.41 - - [30/Jan/2025:11:56:30 +0200] "HEAD /public/img/profile/bonus3.jpg HTTP/1.1" 200 -
51.89.167.1 - - [30/Jan/2025:11:56:30 +0200] "HEAD /public/img/sponsor/s8.png HTTP/1.1" 200 -
57.129.16.41 - - [30/Jan/2025:11:56:30 +0200] "GET /public/img/profile/bonus3.jpg HTTP/1.1" 200 1042
51.89.167.1 - - [30/Jan/2025:11:56:30 +0200] "GET /public/img/sponsor/s8.png HTTP/1.1" 200 479
57.129.16.41 - - [30/Jan/2025:11:56:30 +0200] "HEAD /public/img/profile/bonus4.jpg HTTP/1.1" 200 -
51.89.167.1 - - [30/Jan/2025:11:56:30 +0200] "HEAD /public/img/sponsor/s9.png HTTP/1.1" 200 -
51.89.167.1 - - [30/Jan/2025:11:56:30 +0200] "GET /public/img/sponsor/s9.png HTTP/1.1" 200 463
57.129.16.41 - - [30/Jan/2025:11:56:30 +0200] "GET /public/img/profile/bonus4.jpg HTTP/1.1" 200 1042
51.89.167.1 - - [30/Jan/2025:11:56:30 +0200] "HEAD /public/img/sponsor/s10.png HTTP/1.1" 200 -
57.129.16.41 - - [30/Jan/2025:11:56:30 +0200] "HEAD /public/img/profile/bvisa.png HTTP/1.1" 200 -
51.89.167.1 - - [30/Jan/2025:11:56:30 +0200] "GET /public/img/sponsor/s10.png HTTP/1.1" 200 372
205.169.39.3 - - [30/Jan/2025:11:56:30 +0200] "HEAD /themeforest-CVf80rlA-sportodds-sports-betting-website-react-next-js-template.zip HTTP/1.1" 200 -
57.129.16.41 - - [30/Jan/2025:11:56:30 +0200] "GET /public/img/profile/bvisa.png HTTP/1.1" 200 614
51.89.167.1 - - [30/Jan/2025:11:56:30 +0200] "HEAD /public/img/sponsor/s11.png HTTP/1.1" 200 -
57.129.16.41 - - [30/Jan/2025:11:56:30 +0200] "HEAD /public/img/profile/coins.png HTTP/1.1" 200 -
51.89.167.1 - - [30/Jan/2025:11:56:30 +0200] "GET /public/img/sponsor/s11.png HTTP/1.1" 200 466
57.129.16.41 - - [30/Jan/2025:11:56:30 +0200] "GET /public/img/profile/coins.png HTTP/1.1" 200 589
205.169.39.3 - - [30/Jan/2025:11:56:30 +0200] "GET /themeforest-CVf80rlA-sportodds-sports-betting-website-react-next-js-template.zip HTTP/1.1" 200 4676908
51.89.167.1 - - [30/Jan/2025:11:56:30 +0200] "HEAD /public/img/sponsor/s12.png HTTP/1.1" 200 -
57.129.16.41 - - [30/Jan/2025:11:56:30 +0200] "HEAD /public/img/profile/dots.png HTTP/1.1" 200 -
51.89.167.1 - - [30/Jan/2025:11:56:30 +0200] "GET /public/img/sponsor/s12.png HTTP/1.1" 200 457
57.129.16.41 - - [30/Jan/2025:11:56:30 +0200] "GET /public/img/profile/dots.png HTTP/1.1" 200 207
51.89.167.1 - - [30/Jan/2025:11:56:31 +0200] "HEAD /public/img/sponsor/s13.png HTTP/1.1" 200 -
57.129.16.41 - - [30/Jan/2025:11:56:31 +0200] "HEAD /public/img/profile/facebook.png HTTP/1.1" 200 -
51.89.167.1 - - [30/Jan/2025:11:56:31 +0200] "GET /public/img/sponsor/s13.png HTTP/1.1" 200 721
57.129.16.41 - - [30/Jan/2025:11:56:31 +0200] "GET /public/img/profile/facebook.png HTTP/1.1" 200 326
51.89.167.1 - - [30/Jan/2025:11:56:31 +0200] "HEAD /public/img/sponsor/s14.png HTTP/1.1" 200 -
51.89.167.1 - - [30/Jan/2025:11:56:31 +0200] "GET /public/img/virtuals/ HTTP/1.1" 200 3341
57.129.16.41 - - [30/Jan/2025:11:56:31 +0200] "HEAD /public/img/profile/goggle.png HTTP/1.1" 200 -
51.89.167.1 - - [30/Jan/2025:11:56:31 +0200] "GET /public/img/sponsor/s14.png HTTP/1.1" 200 480
57.129.16.41 - - [30/Jan/2025:11:56:31 +0200] "GET /public/img/profile/goggle.png HTTP/1.1" 200 533
51.89.167.1 - - [30/Jan/2025:11:56:31 +0200] "HEAD /public/img/virtuals/virtual2.jpg HTTP/1.1" 200 -
57.129.16.41 - - [30/Jan/2025:11:56:31 +0200] "HEAD /public/img/profile/inovarav.png HTTP/1.1" 200 -
51.89.167.1 - - [30/Jan/2025:11:56:31 +0200] "GET /public/img/virtuals/virtual2.jpg HTTP/1.1" 200 5728
57.129.16.41 - - [30/Jan/2025:11:56:31 +0200] "GET /public/img/profile/inovarav.png HTTP/1.1" 200 562
51.89.167.1 - - [30/Jan/2025:11:56:31 +0200] "HEAD /public/img/virtuals/virtual3.jpg HTTP/1.1" 200 -
57.129.16.41 - - [30/Jan/2025:11:56:31 +0200] "HEAD /public/img/profile/much.png HTTP/1.1" 200 -
51.89.167.1 - - [30/Jan/2025:11:56:31 +0200] "GET /public/img/virtuals/virtual3.jpg HTTP/1.1" 200 5331
57.129.16.41 - - [30/Jan/2025:11:56:31 +0200] "GET /public/img/profile/much.png HTTP/1.1" 200 589
51.89.167.1 - - [30/Jan/2025:11:56:31 +0200] "HEAD /public/img/virtuals/vr1.jpg HTTP/1.1" 200 -
51.89.167.1 - - [30/Jan/2025:11:56:31 +0200] "GET /public/img/virtuals/vr1.jpg HTTP/1.1" 200 471
57.129.16.41 - - [30/Jan/2025:11:56:31 +0200] "HEAD /public/img/profile/neteller.png HTTP/1.1" 200 -
57.129.16.41 - - [30/Jan/2025:11:56:31 +0200] "GET /public/img/profile/neteller.png HTTP/1.1" 200 562
51.89.167.1 - - [30/Jan/2025:11:56:32 +0200] "HEAD /public/img/virtuals/vr2.jpg HTTP/1.1" 200 -
51.89.167.1 - - [30/Jan/2025:11:56:32 +0200] "GET /public/img/virtuals/vr2.jpg HTTP/1.1" 200 471
57.129.16.41 - - [30/Jan/2025:11:56:32 +0200] "HEAD /public/img/profile/paypal.png HTTP/1.1" 200 -
57.129.16.41 - - [30/Jan/2025:11:56:32 +0200] "GET /public/img/profile/paypal.png HTTP/1.1" 200 562
51.89.167.1 - - [30/Jan/2025:11:56:32 +0200] "HEAD /public/img/virtuals/vr3.jpg HTTP/1.1" 200 -
51.89.167.1 - - [30/Jan/2025:11:56:32 +0200] "GET /public/img/virtuals/vr3.jpg HTTP/1.1" 200 471
57.129.16.41 - - [30/Jan/2025:11:56:32 +0200] "HEAD /public/img/profile/phonerpe.png HTTP/1.1" 200 -
57.129.16.41 - - [30/Jan/2025:11:56:32 +0200] "GET /public/img/profile/phonerpe.png HTTP/1.1" 200 589
51.89.167.1 - - [30/Jan/2025:11:56:32 +0200] "HEAD /public/img/virtuals/vr4.jpg HTTP/1.1" 200 -
51.89.167.1 - - [30/Jan/2025:11:56:32 +0200] "GET /public/img/virtuals/vr4.jpg HTTP/1.1" 200 471
57.129.16.41 - - [30/Jan/2025:11:56:32 +0200] "HEAD /public/img/profile/plus.png HTTP/1.1" 200 -
57.129.16.41 - - [30/Jan/2025:11:56:32 +0200] "GET /public/img/profile/plus.png HTTP/1.1" 200 565
51.89.167.1 - - [30/Jan/2025:11:56:32 +0200] "HEAD /public/img/virtuals/vr5.jpg HTTP/1.1" 200 -
51.89.167.1 - - [30/Jan/2025:11:56:32 +0200] "GET /public/img/virtuals/vr5.jpg HTTP/1.1" 200 471
57.129.16.41 - - [30/Jan/2025:11:56:32 +0200] "HEAD /public/img/profile/profile.png HTTP/1.1" 200 -
57.129.16.41 - - [30/Jan/2025:11:56:32 +0200] "GET /public/img/profile/profile.png HTTP/1.1" 200 430
51.89.167.1 - - [30/Jan/2025:11:56:32 +0200] "HEAD /public/img/virtuals/vr6.jpg HTTP/1.1" 200 -
51.89.167.1 - - [30/Jan/2025:11:56:32 +0200] "GET /public/img/virtuals/vr6.jpg HTTP/1.1" 200 471
57.129.16.41 - - [30/Jan/2025:11:56:32 +0200] "HEAD /public/img/profile/promo1.jpg HTTP/1.1" 200 -
57.129.16.41 - - [30/Jan/2025:11:56:32 +0200] "GET /public/img/profile/promo1.jpg HTTP/1.1" 200 1358
51.89.167.1 - - [30/Jan/2025:11:56:33 +0200] "HEAD /public/img/virtuals/vr7.jpg HTTP/1.1" 200 -
51.89.167.1 - - [30/Jan/2025:11:56:33 +0200] "GET /public/img/virtuals/vr7.jpg HTTP/1.1" 200 471
57.129.16.41 - - [30/Jan/2025:11:56:33 +0200] "HEAD /public/img/profile/promo2.jpg HTTP/1.1" 200 -
57.129.16.41 - - [30/Jan/2025:11:56:33 +0200] "GET /public/img/profile/promo2.jpg HTTP/1.1" 200 1358
51.89.167.1 - - [30/Jan/2025:11:56:33 +0200] "HEAD /public/img/virtuals/vr8.jpg HTTP/1.1" 200 -
51.89.167.1 - - [30/Jan/2025:11:56:33 +0200] "GET /public/img/virtuals/vr8.jpg HTTP/1.1" 200 471
57.129.16.41 - - [30/Jan/2025:11:56:33 +0200] "HEAD /public/img/profile/promo3.jpg HTTP/1.1" 200 -
57.129.16.41 - - [30/Jan/2025:11:56:33 +0200] "GET /public/img/profile/promo3.jpg HTTP/1.1" 200 1358
51.89.167.1 - - [30/Jan/2025:11:56:33 +0200] "HEAD /public/img/virtuals/vr9.jpg HTTP/1.1" 200 -
51.89.167.1 - - [30/Jan/2025:11:56:33 +0200] "GET /public/img/virtuals/vr9.jpg HTTP/1.1" 200 471
57.129.16.41 - - [30/Jan/2025:11:56:33 +0200] "HEAD /public/img/profile/skrill.png HTTP/1.1" 200 -
57.129.16.41 - - [30/Jan/2025:11:56:33 +0200] "GET /public/img/profile/skrill.png HTTP/1.1" 200 589
51.89.167.1 - - [30/Jan/2025:11:56:33 +0200] "HEAD /public/img/virtuals/world.jpg HTTP/1.1" 200 -
51.89.167.1 - - [30/Jan/2025:11:56:33 +0200] "GET /public/img/virtuals/world.jpg HTTP/1.1" 200 6145
57.129.16.41 - - [30/Jan/2025:11:56:33 +0200] "HEAD /public/img/profile/steam.png HTTP/1.1" 200 -
57.129.16.41 - - [30/Jan/2025:11:56:33 +0200] "GET /public/img/profile/steam.png HTTP/1.1" 200 851
51.89.167.1 - - [30/Jan/2025:11:56:33 +0200] "HEAD /public/next.svg HTTP/1.1" 200 -
51.89.167.1 - - [30/Jan/2025:11:56:33 +0200] "GET /public/vendor/ HTTP/1.1" 200 1222
51.89.167.1 - - [30/Jan/2025:11:56:33 +0200] "GET /public/next.svg HTTP/1.1" 200 1375
51.89.167.1 - - [30/Jan/2025:11:56:33 +0200] "GET /public/vendor/glyphter-font/ HTTP/1.1" 200 1244
51.89.167.1 - - [30/Jan/2025:11:56:33 +0200] "GET /public/vendor/glyphter-font/css/ HTTP/1.1" 200 1063
57.129.16.41 - - [30/Jan/2025:11:56:33 +0200] "HEAD /public/img/profile/twitch.png HTTP/1.1" 200 -
57.129.16.41 - - [30/Jan/2025:11:56:34 +0200] "GET /public/img/profile/twitch.png HTTP/1.1" 200 6144
51.89.167.1 - - [30/Jan/2025:11:56:34 +0200] "HEAD /public/vendor/glyphter-font/css/glyphter.css HTTP/1.1" 200 -
51.89.167.1 - - [30/Jan/2025:11:56:34 +0200] "GET /public/vendor/glyphter-font/fonts/ HTTP/1.1" 200 1718
51.89.167.1 - - [30/Jan/2025:11:56:34 +0200] "GET /public/vendor/glyphter-font/css/glyphter.css HTTP/1.1" 200 3010
57.129.16.41 - - [30/Jan/2025:11:56:34 +0200] "HEAD /public/img/profile/twitter.png HTTP/1.1" 200 -
57.129.16.41 - - [30/Jan/2025:11:56:34 +0200] "GET /public/img/profile/twitter.png HTTP/1.1" 200 514
51.89.167.1 - - [30/Jan/2025:11:56:34 +0200] "HEAD /public/vendor/glyphter-font/fonts/Glyphter.eot HTTP/1.1" 200 -
51.89.167.1 - - [30/Jan/2025:11:56:34 +0200] "GET /public/vendor/glyphter-font/fonts/Glyphter.eot HTTP/1.1" 200 40352
57.129.16.41 - - [30/Jan/2025:11:56:34 +0200] "HEAD /public/img/profile/visa.png HTTP/1.1" 200 -
57.129.16.41 - - [30/Jan/2025:11:56:34 +0200] "GET /public/img/profile/visa.png HTTP/1.1" 200 589
51.89.167.1 - - [30/Jan/2025:11:56:34 +0200] "HEAD /public/vendor/glyphter-font/fonts/Glyphter.svg HTTP/1.1" 200 -
51.89.167.1 - - [30/Jan/2025:11:56:34 +0200] "GET /public/vendor/glyphter-font/fonts/Glyphter.svg HTTP/1.1" 200 379585
57.129.16.41 - - [30/Jan/2025:11:56:34 +0200] "HEAD /public/img/profile/visap.png HTTP/1.1" 200 -
57.129.16.41 - - [30/Jan/2025:11:56:34 +0200] "GET /public/img/profile/visap.png HTTP/1.1" 200 1705
57.129.16.41 - - [30/Jan/2025:11:56:34 +0200] "HEAD /public/img/profile/visas.png HTTP/1.1" 200 -
51.89.167.1 - - [30/Jan/2025:11:56:34 +0200] "HEAD /public/vendor/glyphter-font/fonts/Glyphter.ttf HTTP/1.1" 200 -
57.129.16.41 - - [30/Jan/2025:11:56:34 +0200] "GET /public/img/profile/visas.png HTTP/1.1" 200 589
51.89.167.1 - - [30/Jan/2025:11:56:34 +0200] "GET /public/vendor/glyphter-font/fonts/Glyphter.ttf HTTP/1.1" 200 40184
57.129.16.41 - - [30/Jan/2025:11:56:35 +0200] "HEAD /public/img/profile/visatranparent.png HTTP/1.1" 200 -
51.89.167.1 - - [30/Jan/2025:11:56:35 +0200] "HEAD /public/vendor/glyphter-font/fonts/Glyphter.woff HTTP/1.1" 200 -
51.89.167.1 - - [30/Jan/2025:11:56:35 +0200] "GET /public/vendor/webfonts/ HTTP/1.1" 200 1234
57.129.16.41 - - [30/Jan/2025:11:56:35 +0200] "GET /public/img/profile/visatranparent.png HTTP/1.1" 200 1705
51.89.167.1 - - [30/Jan/2025:11:56:35 +0200] "GET /public/vendor/glyphter-font/fonts/Glyphter.woff HTTP/1.1" 200 26328
51.89.167.1 - - [30/Jan/2025:11:56:35 +0200] "GET /public/vendor/webfonts/css/ HTTP/1.1" 200 1047
57.129.16.41 - - [30/Jan/2025:11:56:35 +0200] "HEAD /public/img/profile/vkonta.png HTTP/1.1" 200 -
51.89.167.1 - - [30/Jan/2025:11:56:35 +0200] "GET /public/vendor/webfonts/fonts/ HTTP/1.1" 200 2628
51.89.167.1 - - [30/Jan/2025:11:56:35 +0200] "HEAD /public/vendor/webfonts/css/all.min.css HTTP/1.1" 200 -
57.129.16.41 - - [30/Jan/2025:11:56:35 +0200] "GET /public/img/profile/vkonta.png HTTP/1.1" 200 591
51.89.167.1 - - [30/Jan/2025:11:56:35 +0200] "GET /public/vendor/webfonts/css/all.min.css HTTP/1.1" 200 120692
57.129.16.41 - - [30/Jan/2025:11:56:35 +0200] "HEAD /public/img/profile/webpay.png HTTP/1.1" 200 -
51.89.167.1 - - [30/Jan/2025:11:56:35 +0200] "HEAD /public/vendor/webfonts/fonts/fa-brands-400.ttf HTTP/1.1" 200 -
57.129.16.41 - - [30/Jan/2025:11:56:35 +0200] "GET /public/img/profile/webpay.png HTTP/1.1" 200 589
51.89.167.1 - - [30/Jan/2025:11:56:35 +0200] "GET /public/vendor/webfonts/fonts/fa-brands-400.ttf HTTP/1.1" 200 186124
57.129.16.41 - - [30/Jan/2025:11:56:35 +0200] "HEAD /public/img/profile/yandex.png HTTP/1.1" 200 -
57.129.16.41 - - [30/Jan/2025:11:56:35 +0200] "GET /public/img/sponsor/ HTTP/1.1" 200 3742
57.129.16.41 - - [30/Jan/2025:11:56:35 +0200] "GET /public/img/profile/yandex.png HTTP/1.1" 200 589
51.89.167.1 - - [30/Jan/2025:11:56:35 +0200] "HEAD /public/vendor/webfonts/fonts/fa-brands-400.woff2 HTTP/1.1" 200 -
51.89.167.1 - - [30/Jan/2025:11:56:35 +0200] "GET /public/vendor/webfonts/fonts/fa-brands-400.woff2 HTTP/1.1" 200 107656
57.129.16.41 - - [30/Jan/2025:11:56:35 +0200] "HEAD /public/img/sponsor/Vector.png HTTP/1.1" 200 -
51.89.167.1 - - [30/Jan/2025:11:56:35 +0200] "HEAD /public/vendor/webfonts/fonts/fa-regular-400.ttf HTTP/1.1" 200 -
57.129.16.41 - - [30/Jan/2025:11:56:35 +0200] "GET /public/img/sponsor/Vector.png HTTP/1.1" 200 166
51.89.167.1 - - [30/Jan/2025:11:56:35 +0200] "GET /public/vendor/webfonts/fonts/fa-regular-400.ttf HTTP/1.1" 200 62320
57.129.16.41 - - [30/Jan/2025:11:56:36 +0200] "HEAD /public/img/sponsor/s1.png HTTP/1.1" 200 -
51.89.167.1 - - [30/Jan/2025:11:56:36 +0200] "HEAD /public/vendor/webfonts/fonts/fa-regular-400.woff2 HTTP/1.1" 200 -
57.129.16.41 - - [30/Jan/2025:11:56:36 +0200] "GET /public/img/sponsor/s1.png HTTP/1.1" 200 463
51.89.167.1 - - [30/Jan/2025:11:56:36 +0200] "GET /public/vendor/webfonts/fonts/fa-regular-400.woff2 HTTP/1.1" 200 25236
57.129.16.41 - - [30/Jan/2025:11:56:36 +0200] "HEAD /public/img/sponsor/s3.png HTTP/1.1" 200 -
51.89.167.1 - - [30/Jan/2025:11:56:36 +0200] "HEAD /public/vendor/webfonts/fonts/fa-solid-900.ttf HTTP/1.1" 200 -
57.129.16.41 - - [30/Jan/2025:11:56:36 +0200] "GET /public/img/sponsor/s3.png HTTP/1.1" 200 445
51.89.167.1 - - [30/Jan/2025:11:56:36 +0200] "GET /public/vendor/webfonts/fonts/fa-solid-900.ttf HTTP/1.1" 200 397420
57.129.16.41 - - [30/Jan/2025:11:56:36 +0200] "HEAD /public/img/sponsor/s4.png HTTP/1.1" 200 -
57.129.16.41 - - [30/Jan/2025:11:56:36 +0200] "GET /public/img/sponsor/s4.png HTTP/1.1" 200 262
51.89.167.1 - - [30/Jan/2025:11:56:36 +0200] "HEAD /public/vendor/webfonts/fonts/fa-solid-900.woff2 HTTP/1.1" 200 -
51.89.167.1 - - [30/Jan/2025:11:56:36 +0200] "GET /public/vendor/webfonts/fonts/fa-solid-900.woff2 HTTP/1.1" 200 150516
57.129.16.41 - - [30/Jan/2025:11:56:36 +0200] "HEAD /public/img/sponsor/s5.png HTTP/1.1" 200 -
57.129.16.41 - - [30/Jan/2025:11:56:36 +0200] "GET /public/img/sponsor/s5.png HTTP/1.1" 200 721
57.129.16.41 - - [30/Jan/2025:11:56:37 +0200] "HEAD /public/img/sponsor/s6.png HTTP/1.1" 200 -
57.129.16.41 - - [30/Jan/2025:11:56:37 +0200] "GET /public/img/sponsor/s6.png HTTP/1.1" 200 480
57.129.16.41 - - [30/Jan/2025:11:56:37 +0200] "HEAD /public/img/sponsor/s7.png HTTP/1.1" 200 -
57.129.16.41 - - [30/Jan/2025:11:56:37 +0200] "GET /public/img/sponsor/s7.png HTTP/1.1" 200 757
57.129.16.41 - - [30/Jan/2025:11:56:37 +0200] "HEAD /public/img/sponsor/s8.png HTTP/1.1" 200 -
51.89.167.1 - - [30/Jan/2025:11:56:37 +0200] "HEAD /public/vendor/webfonts/fonts/fa-v4compatibility.ttf HTTP/1.1" 200 -
57.129.16.41 - - [30/Jan/2025:11:56:37 +0200] "GET /public/img/sponsor/s8.png HTTP/1.1" 200 479
51.89.167.1 - - [30/Jan/2025:11:56:37 +0200] "GET /public/vendor/webfonts/fonts/fa-v4compatibility.ttf HTTP/1.1" 200 10140
57.129.16.41 - - [30/Jan/2025:11:56:37 +0200] "HEAD /public/img/sponsor/s9.png HTTP/1.1" 200 -
51.89.167.1 - - [30/Jan/2025:11:56:37 +0200] "HEAD /public/vendor/webfonts/fonts/fa-v4compatibility.woff2 HTTP/1.1" 200 -
57.129.16.41 - - [30/Jan/2025:11:56:37 +0200] "GET /public/img/sponsor/s9.png HTTP/1.1" 200 463
51.89.167.1 - - [30/Jan/2025:11:56:37 +0200] "GET /public/vendor/webfonts/fonts/fa-v4compatibility.woff2 HTTP/1.1" 200 4568
57.129.16.41 - - [30/Jan/2025:11:56:37 +0200] "HEAD /public/img/sponsor/s10.png HTTP/1.1" 200 -
51.89.167.1 - - [30/Jan/2025:11:56:37 +0200] "HEAD /public/vercel.svg HTTP/1.1" 200 -
57.129.16.41 - - [30/Jan/2025:11:56:37 +0200] "GET /public/img/sponsor/s10.png HTTP/1.1" 200 372
51.89.167.1 - - [30/Jan/2025:11:56:37 +0200] "GET /public/vercel.svg HTTP/1.1" 200 629
57.129.16.41 - - [30/Jan/2025:11:56:38 +0200] "HEAD /public/img/sponsor/s11.png HTTP/1.1" 200 -
51.89.167.1 - - [30/Jan/2025:11:56:38 +0200] "HEAD /server.js HTTP/1.1" 200 -
57.129.16.41 - - [30/Jan/2025:11:56:38 +0200] "GET /public/img/sponsor/s11.png HTTP/1.1" 200 466
51.89.167.1 - - [30/Jan/2025:11:56:38 +0200] "GET /server.js HTTP/1.1" 200 5121
57.129.16.41 - - [30/Jan/2025:11:56:38 +0200] "HEAD /public/img/sponsor/s12.png HTTP/1.1" 200 -
51.89.167.1 - - [30/Jan/2025:11:56:38 +0200] "HEAD /socket.jsx HTTP/1.1" 200 -
57.129.16.41 - - [30/Jan/2025:11:56:38 +0200] "GET /public/img/sponsor/s12.png HTTP/1.1" 200 457
51.89.167.1 - - [30/Jan/2025:11:56:38 +0200] "GET /socket.jsx HTTP/1.1" 200 990
57.129.16.41 - - [30/Jan/2025:11:56:38 +0200] "HEAD /public/img/sponsor/s13.png HTTP/1.1" 200 -
51.89.167.1 - - [30/Jan/2025:11:56:38 +0200] "HEAD /start.js HTTP/1.1" 200 -
51.89.167.1 - - [30/Jan/2025:11:56:38 +0200] "GET /styles/ HTTP/1.1" 200 1834
57.129.16.41 - - [30/Jan/2025:11:56:38 +0200] "GET /public/img/sponsor/s13.png HTTP/1.1" 200 721
51.89.167.1 - - [30/Jan/2025:11:56:38 +0200] "GET /start.js HTTP/1.1" 200 4707
51.89.167.1 - - [30/Jan/2025:11:56:38 +0200] "GET /styles/_abstracts/ HTTP/1.1" 200 1236
57.129.16.41 - - [30/Jan/2025:11:56:38 +0200] "HEAD /public/img/sponsor/s14.png HTTP/1.1" 200 -
51.89.167.1 - - [30/Jan/2025:11:56:38 +0200] "HEAD /styles/_abstracts/_mixins.scss HTTP/1.1" 200 -
57.129.16.41 - - [30/Jan/2025:11:56:38 +0200] "GET /public/img/virtuals/ HTTP/1.1" 200 3341
51.89.167.1 - - [30/Jan/2025:11:56:38 +0200] "GET /styles/_abstracts/_mixins.scss HTTP/1.1" 200 709
57.129.16.41 - - [30/Jan/2025:11:56:38 +0200] "GET /public/img/sponsor/s14.png HTTP/1.1" 200 480
51.89.167.1 - - [30/Jan/2025:11:56:38 +0200] "GET /styles/_base/ HTTP/1.1" 200 1231
51.89.167.1 - - [30/Jan/2025:11:56:38 +0200] "HEAD /styles/_abstracts/_variables.scss HTTP/1.1" 200 -
57.129.16.41 - - [30/Jan/2025:11:56:38 +0200] "HEAD /public/img/virtuals/virtual2.jpg HTTP/1.1" 200 -
51.89.167.1 - - [30/Jan/2025:11:56:38 +0200] "GET /styles/_abstracts/_variables.scss HTTP/1.1" 200 654
57.129.16.41 - - [30/Jan/2025:11:56:38 +0200] "GET /public/img/virtuals/virtual2.jpg HTTP/1.1" 200 5728
51.89.167.1 - - [30/Jan/2025:11:56:39 +0200] "HEAD /styles/_base/_responsive.scss HTTP/1.1" 200 -
57.129.16.41 - - [30/Jan/2025:11:56:39 +0200] "HEAD /public/img/virtuals/virtual3.jpg HTTP/1.1" 200 -
51.89.167.1 - - [30/Jan/2025:11:56:39 +0200] "GET /styles/_base/_responsive.scss HTTP/1.1" 200 27949
57.129.16.41 - - [30/Jan/2025:11:56:39 +0200] "GET /public/img/virtuals/virtual3.jpg HTTP/1.1" 200 5331
51.89.167.1 - - [30/Jan/2025:11:56:39 +0200] "GET /styles/_components/ HTTP/1.1" 200 1020
51.89.167.1 - - [30/Jan/2025:11:56:39 +0200] "HEAD /styles/_base/_typography.scss HTTP/1.1" 200 -
57.129.16.41 - - [30/Jan/2025:11:56:39 +0200] "HEAD /public/img/virtuals/vr1.jpg HTTP/1.1" 200 -
51.89.167.1 - - [30/Jan/2025:11:56:39 +0200] "GET /styles/_base/_typography.scss HTTP/1.1" 200 4479
